{"id":1211,"date":"2018-10-17T04:20:08","date_gmt":"2018-10-17T04:20:08","guid":{"rendered":"https:\/\/www.seguiremoshaciendohistoria.gob.mx\/transparencia\/articulo-15\/iv-participaciones-federales\/"},"modified":"2025-01-10T18:05:11","modified_gmt":"2025-01-10T18:05:11","slug":"iv-participaciones-federales","status":"publish","type":"page","link":"https:\/\/www.fresnillo.gob.mx\/transparencia\/transparencia\/articulo-15\/iv-participaciones-federales\/","title":{"rendered":"IV. Participaciones federales"},"content":{"rendered":"<div class=\"wpb-content-wrapper\"><p>[vc_row][vc_column][vc_column_text]Texto Informaci\u00f3n Actualizada[\/vc_column_text][\/vc_column][\/vc_row][vc_row][vc_column][vc_tta_tabs color=\u00bbblack\u00bb active_section=\u00bb1&#8243; no_fill_content_area=\u00bbtrue\u00bb][vc_tta_section i_icon_fontawesome=\u00bbfa fa-balance-scale\u00bb add_icon=\u00bbtrue\u00bb title=\u00bbParticipaciones Federales\u00bb tab_id=\u00bb1541614129037-5068f99b-1829&#8243;][vc_column_text]<\/p>\n<h3 style=\"text-align: center;\"><span style=\"color: #800000;\"><strong>INFORMACI\u00d3N ACTUALIZADA AL 4to TRIMESTRE 2016<\/strong><\/span><\/h3>\n<h3 style=\"text-align: center;\"><span style=\"color: #800000;\"><strong>Informaci\u00f3n proporcionada por cada una de las Direcciones Listadas<\/strong><\/span><\/h3>\n<h3 style=\"text-align: center;\"><span style=\"color: #800000;\"><strong>PARTICIPACIONES FEDERALES<\/strong><\/span><\/h3>\n<p>&nbsp;<\/p>\n<table border=\"1\" width=\"400\">\n<tbody>\n<tr>\n<td height=\"23\"><b>Fondo Unico (Dir. de Finanzas y Tesorer\u00eda)<\/b><\/td>\n<td>$277,890,299.00<\/td>\n<\/tr>\n<tr>\n<td width=\"264\"><strong>Fondo III de la Dir. de Desarrollo Social<\/strong><\/td>\n<td width=\"120\">$90,436,816.01<\/td>\n<\/tr>\n<tr>\n<td><strong>Fondo IV de la Dir. de Desarrollo Econ\u00f3mico<\/strong><\/td>\n<td>$109,562,461.00<\/td>\n<\/tr>\n<\/tbody>\n<\/table>\n<p>&nbsp;<\/p>\n<p><strong>Informaci\u00f3n Actualizada al 4o. Trim. 2014<\/strong><\/p>\n<table border=\"1\" width=\"400\">\n<tbody>\n<tr>\n<td><strong>Fondo Unico<\/strong><\/td>\n<td>$264,667,524.83<\/td>\n<\/tr>\n<tr>\n<td width=\"264\"><strong>Fondo III de la Dir. de Desarrollo Social<\/strong><\/td>\n<td width=\"120\">$89,609,966.20<\/td>\n<\/tr>\n<tr>\n<td><strong>Fondo IV de la Dir. de Desarrollo Econ\u00f3mico<\/strong><\/td>\n<td>$108,854,496.00<br \/>\n(<a href=\"http:\/\/transparencia.fllo.gob.mx\/dirdeseco\/presup_2014.pdf\" target=\"_self\" rel=\"noopener noreferrer\">Consultar detalle<\/a>)<\/td>\n<\/tr>\n<\/tbody>\n<\/table>\n<p>&nbsp;<\/p>\n<p style=\"text-align: center;\"><span style=\"color: #800000;\">AL 1er TRIM. DEL 2014<\/span><\/p>\n<p><img decoding=\"async\" class=\"filer_image aligncenter\" src=\"https:\/\/www.fllo.gob.mx\/media\/filer_public\/b9\/db\/b9dbcfc9-d046-4980-be9e-4b732d5d8791\/particip_trim0114.jpg\" alt=\"particip_trim0114.jpg\" \/><\/p>\n<p style=\"text-align: center;\"><span style=\"color: #000000;\"><strong>NOTA<\/strong>: La informaci\u00f3n publicada de la Direcci\u00f3n de Finanzas y Tesorer\u00eda corresponde \u00fanicamente al FONDO \u00daNICO de Participaciones Federales y no se<\/span><br \/>\n<span style=\"color: #000000;\">muestra el desglose por los diferentes programas ya que a la fecha<\/span><br \/>\n<span style=\"color: #000000;\">no se ha depositado el presupuesto para<\/span><br \/>\n<span style=\"color: #000000;\">este ejercicio fiscal 2014.<\/span><\/p>\n<p style=\"text-align: center;\"><span style=\"color: #800000;\">AL 4to TRIM. DEL 2013<\/span><\/p>\n<p><img decoding=\"async\" class=\"filer_image aligncenter\" src=\"https:\/\/www.fllo.gob.mx\/media\/filer_public_thumbnails\/filer_public\/f5\/f9\/f5f967e3-29ad-4883-85ec-87c96f400c98\/particip_trim0413.jpg__100x135_q85_crop_subsampling-2_upscale.jpg\" alt=\"particip_trim0413.jpg\" \/>[\/vc_column_text][\/vc_tta_section][vc_tta_section i_icon_fontawesome=\u00bbfa fa-balance-scale\u00bb add_icon=\u00bbtrue\u00bb title=\u00bbCuotas y Tarifas\u00bb tab_id=\u00bb1541614289415-fa1b7968-a440&#8243;][vc_column_text css=\u00bb\u00bb]<\/p>\n<h3 style=\"text-align: center;\"><span style=\"color: #800000;\"><strong>INFORMACI\u00d3N ACTUALIZADA AL 4to TRIMESTRE 2016<\/strong><\/span><\/h3>\n<h3 style=\"text-align: center;\"><span style=\"color: #800000;\"><strong>Informaci\u00f3n proporcionada por cada Direcciones\/Departamento<\/strong><\/span><\/h3>\n<h3 style=\"text-align: center;\"><span style=\"color: #800000;\"><strong>CUOTAS Y TARIFAS APLICABLES<\/strong><\/span><\/h3>\n<p style=\"text-align: center;\"><strong><span style=\"color: #000000;\">Tarifas del\u00a0Sistema Municipal para el Desarrollo Integral de la Familia\u00a0<\/span><\/strong><br \/>\n<strong><span style=\"color: #000000;\">(DIF) del a\u00f1o 2015<\/span><\/strong><\/p>\n<p style=\"text-align: center;\"><span class=\"file\"><strong><span style=\"color: #800000;\"><a style=\"color: #800000;\" href=\"https:\/\/www.fresnillo.gob.mx\/wp-content\/uploads\/2018\/11\/1_tarifas_2015_Desarrollo-integral-de-la-familia.pdf\">_1_tarifas_2015_Desarrollo integral de la familia<\/a><\/span><\/strong><\/span><\/p>\n<p style=\"text-align: center;\"><span style=\"color: #000000;\"><strong>Tarifas de la\u00a0Direcci\u00f3n de Obras P\u00fablicas\u00a0del a\u00f1o 2015<\/strong><\/span><\/p>\n<p style=\"text-align: center;\"><span style=\"color: #800000;\"><strong><a style=\"color: #800000;\" href=\"https:\/\/www.fresnillo.gob.mx\/wp-content\/uploads\/2018\/11\/2_servicios_Direccion-de-Obras-publicas.pdf\">_2_servicios_Direccion de Obras publicas<\/a><\/strong><\/span><\/p>\n<p>&nbsp;<\/p>\n<p align=\"center\"><span style=\"color: #800000;\"><strong>Informaci\u00f3n Actualizada al 4o. Trim. 2014<\/strong><\/span><\/p>\n<p align=\"center\"><strong><span style=\"color: #000000;\">Tarifas del\u00a0Sistema Municipal para el Desarrollo Integral de la Familia\u00a0(DIF) del a\u00f1o 2014<\/span><\/strong><\/p>\n<p align=\"center\"><strong><span style=\"color: #000000;\">Tarifas del\u00a0Sistema Municipal de Agua Potable, Alcantarillado y Saneamiento de Fresnillo\u00a0(SIAPASF) del a\u00f1o 2014<\/span><\/strong><\/p>\n<p align=\"center\"><span class=\"file\" style=\"color: #000000;\"><strong><span style=\"color: #800000;\"><a style=\"color: #800000;\" href=\"https:\/\/www.fresnillo.gob.mx\/wp-content\/uploads\/2018\/11\/3_tarifas_2014_Sistema-de-Agua-Potable-Alcantarillado-y-Saneamiento.pdf\">_3_tarifas_2014_Sistema de Agua Potable Alcantarillado y Saneamiento<\/a><\/span><\/strong><\/span><\/p>\n<p align=\"center\"><span style=\"color: #000000;\"><strong>Tarifas de la\u00a0Direcci\u00f3n de Obras P\u00fablicas\u00a0del a\u00f1o 2014<\/strong><\/span><\/p>\n<p align=\"center\"><span class=\"file\"><strong><span style=\"color: #800000;\"><a style=\"color: #800000;\" href=\"https:\/\/www.fresnillo.gob.mx\/wp-content\/uploads\/2018\/11\/4_tarifas_2014_Ley_de_ingresos_-Direccion-de-Obras-Publicas-y-Servicios-Publicos.pdf\">_4_tarifas_2014_Ley_de_ingresos_ Direccion de Obras Publicas y Servicios Publicos<\/a><\/span><\/strong><\/span><\/p>\n<p align=\"center\"><img decoding=\"async\" class=\"filer_image \" src=\"https:\/\/www.fllo.gob.mx\/media\/filer_public_thumbnails\/filer_public\/31\/40\/3140bd5a-9707-46ff-95f4-edeb0afcd1b6\/tarifas_pant_2014.jpg__600x407_q85_crop_subsampling-2_upscale.jpg\" alt=\"tarifas_pant_2014.jpg\" \/><\/p>\n<p align=\"center\"><strong><span style=\"color: #000000;\">Tarifas del\u00a0Departamento de Alcoholes\u00a0a\u00f1o 2014<\/span><\/strong><\/p>\n<p align=\"center\"><strong><span style=\"color: #800000;\"><a style=\"color: #800000;\" href=\"https:\/\/www.fresnillo.gob.mx\/wp-content\/uploads\/2018\/11\/6_tarifas_2014_2_Servicios-de-Alcoholes.pdf\">_6_tarifas_2014_2_Servicios de Alcoholes<\/a><\/span><\/strong><\/p>\n<p align=\"center\"><span style=\"color: #000000;\"><strong>Tabla de Tarifas &#8211; Varios Departamentos<\/strong><\/span><\/p>\n<p align=\"center\"><strong><span style=\"color: #800000;\"><a style=\"color: #800000;\" href=\"https:\/\/www.fresnillo.gob.mx\/wp-content\/uploads\/2018\/11\/7_servicios_coutas_.pdf\">_7_servicios_coutas_<\/a><\/span><\/strong><\/p>\n<p>[\/vc_column_text][\/vc_tta_section][vc_tta_section i_icon_fontawesome=\u00bbfa fa-balance-scale\u00bb add_icon=\u00bbtrue\u00bb title=\u00bbTablas Suelo y Construcci\u00f3n\u00bb tab_id=\u00bb1541614334370-a30c1cc3-99b6&#8243;][vc_column_text]<\/p>\n<p style=\"text-align: center;\"><span style=\"color: #000000;\">INFORMACI\u00d3N ACTUALIZADA AL 4to TRIMESTRE 2016<\/span><\/p>\n<p style=\"text-align: center;\"><span style=\"color: #800000;\"><b>Informaci\u00f3n proporcionada por la Direcci\u00f3n\u00a0de Obras Publicas<\/b><\/span><\/p>\n<p style=\"text-align: center;\"><span style=\"color: #800000;\"><strong>TABLAS DE SUELO Y CONSTRUCCIONES.<\/strong><\/span><\/p>\n<p><a href=\"https:\/\/www.seguiremoshaciendohistoria.gob.mx\/wp-content\/uploads\/2018\/11\/1_img_des_urb_Tablas-de-Suelo-y-Construcciones.jpg\"><img loading=\"lazy\" decoding=\"async\" class=\" wp-image-4130 aligncenter\" src=\"https:\/\/www.seguiremoshaciendohistoria.gob.mx\/wp-content\/uploads\/2018\/11\/1_img_des_urb_Tablas-de-Suelo-y-Construcciones.jpg\" alt=\"\" width=\"225\" height=\"338\" \/><\/a>[\/vc_column_text][\/vc_tta_section][vc_tta_section i_icon_fontawesome=\u00bbfa fa-balance-scale\u00bb add_icon=\u00bbtrue\u00bb title=\u00bbTablas Propiedad inmobiliario\u00bb tab_id=\u00bb1541614380337-6aa53736-61bf\u00bb][vc_column_text css=\u00bb\u00bb]<\/p>\n<h3 style=\"text-align: center;\"><span style=\"color: #800000;\"><strong>INFORMACI\u00d3N ACTUALIZADA AL 4to TRIMESTRE 2016<\/strong><\/span><\/h3>\n<h3 style=\"text-align: center;\"><span style=\"color: #800000;\"><strong>Informaci\u00f3n proporcionada por Direcci\u00f3n de Catastro<\/strong><\/span><\/h3>\n<h3 style=\"text-align: center;\"><span style=\"color: #800000;\"><strong>TABLAS SOBRE PROPIEDAD INMOBILIARIA<\/strong><\/span><\/h3>\n<p style=\"text-align: center;\"><span style=\"color: #000000;\">Consulta Aqui:\u00a0<\/span><\/p>\n<p style=\"text-align: center;\"><strong><span style=\"color: #000000;\"><a style=\"color: #000000;\" href=\"https:\/\/www.fresnillo.gob.mx\/wp-content\/uploads\/2018\/11\/1_tarifas_2014_3_Propiedad-Inmobiliaria-Catastro.pdf\">_1_tarifas_2014_3_Propiedad Inmobiliaria Catastro<\/a><\/span><\/strong><\/p>\n<p>[\/vc_column_text][\/vc_tta_section][\/vc_tta_tabs][\/vc_column][\/vc_row]<\/p>\n<\/div>","protected":false},"excerpt":{"rendered":"<p>[vc_row][vc_column][vc_column_text]Texto Informaci\u00f3n Actualizada[\/vc_column_text][\/vc_column][\/vc_row][vc_row][vc_column][vc_tta_tabs color=\u00bbblack\u00bb active_section=\u00bb1&#8243; no_fill_content_area=\u00bbtrue\u00bb][vc_tta_section i_icon_fontawesome=\u00bbfa fa-balance-scale\u00bb add_icon=\u00bbtrue\u00bb title=\u00bbParticipaciones Federales\u00bb tab_id=\u00bb1541614129037-5068f99b-1829&#8243;][vc_column_text] INFORMACI\u00d3N ACTUALIZADA AL 4to TRIMESTRE 2016 Informaci\u00f3n proporcionada por cada una de las Direcciones Listadas PARTICIPACIONES FEDERALES &nbsp; Fondo Unico (Dir. de Finanzas y Tesorer\u00eda) $277,890,299.00 Fondo III de la Dir. de Desarrollo Social $90,436,816.01 Fondo IV de la Dir. de Desarrollo Econ\u00f3mico [&hellip;]<\/p>\n","protected":false},"author":1,"featured_media":0,"parent":1040,"menu_order":6,"comment_status":"closed","ping_status":"closed","template":"page-templates\/template-articulos.php","meta":{"_uag_custom_page_level_css":"","advgb_blocks_editor_width":"","advgb_blocks_columns_visual_guide":"","footnotes":""},"class_list":["post-1211","page","type-page","status-publish","hentry"],"uagb_featured_image_src":{"full":false,"thumbnail":false,"medium":false,"medium_large":false,"large":false,"1536x1536":false,"2048x2048":false},"uagb_author_info":{"display_name":"admin","author_link":"https:\/\/www.fresnillo.gob.mx\/transparencia\/author\/admin\/"},"uagb_comment_info":0,"uagb_excerpt":"[vc_row][vc_column][vc_column_text]Texto Informaci\u00f3n Actualizada[\/vc_column_text][\/vc_column][\/vc_row][vc_row][vc_column][vc_tta_tabs color=\u00bbblack\u00bb active_section=\u00bb1&#8243; no_fill_content_area=\u00bbtrue\u00bb][vc_tta_section i_icon_fontawesome=\u00bbfa fa-balance-scale\u00bb add_icon=\u00bbtrue\u00bb title=\u00bbParticipaciones Federales\u00bb tab_id=\u00bb1541614129037-5068f99b-1829&#8243;][vc_column_text] INFORMACI\u00d3N ACTUALIZADA AL 4to TRIMESTRE 2016 Informaci\u00f3n proporcionada por cada una de las Direcciones Listadas PARTICIPACIONES FEDERALES &nbsp; Fondo Unico (Dir. de Finanzas y Tesorer\u00eda) $277,890,299.00 Fondo III de la Dir. de Desarrollo Social $90,436,816.01 Fondo IV de la Dir. de Desarrollo Econ\u00f3mico&hellip;","coauthors":[],"author_meta":{"author_link":"https:\/\/www.fresnillo.gob.mx\/transparencia\/author\/admin\/","display_name":"admin"},"relative_dates":{"created":"Publicado 8 a\u00f1os hace","modified":"Actualizado 1 a\u00f1o hace"},"absolute_dates":{"created":"Publicado el octubre 17, 2018","modified":"Actualizado el enero 10, 2025"},"absolute_dates_time":{"created":"Publicado el octubre 17, 2018 4:20 am","modified":"Actualizado el enero 10, 2025 6:05 pm"},"featured_img_caption":"","featured_img":false,"series_order":"","_links":{"self":[{"href":"https:\/\/www.fresnillo.gob.mx\/transparencia\/wp-json\/wp\/v2\/pages\/1211","targetHints":{"allow":["GET"]}}],"collection":[{"href":"https:\/\/www.fresnillo.gob.mx\/transparencia\/wp-json\/wp\/v2\/pages"}],"about":[{"href":"https:\/\/www.fresnillo.gob.mx\/transparencia\/wp-json\/wp\/v2\/types\/page"}],"author":[{"embeddable":true,"href":"https:\/\/www.fresnillo.gob.mx\/transparencia\/wp-json\/wp\/v2\/users\/1"}],"replies":[{"embeddable":true,"href":"https:\/\/www.fresnillo.gob.mx\/transparencia\/wp-json\/wp\/v2\/comments?post=1211"}],"version-history":[{"count":0,"href":"https:\/\/www.fresnillo.gob.mx\/transparencia\/wp-json\/wp\/v2\/pages\/1211\/revisions"}],"up":[{"embeddable":true,"href":"https:\/\/www.fresnillo.gob.mx\/transparencia\/wp-json\/wp\/v2\/pages\/1040"}],"wp:attachment":[{"href":"https:\/\/www.fresnillo.gob.mx\/transparencia\/wp-json\/wp\/v2\/media?parent=1211"}],"curies":[{"name":"wp","href":"https:\/\/api.w.org\/{rel}","templated":true}]}}