{"id":1214,"date":"2018-10-17T04:20:41","date_gmt":"2018-10-17T04:20:41","guid":{"rendered":"https:\/\/www.seguiremoshaciendohistoria.gob.mx\/transparencia\/articulo-15\/vii-montos-por-concepto-de-multas-recargos-entre-otros\/"},"modified":"2025-01-09T19:27:45","modified_gmt":"2025-01-09T19:27:45","slug":"vii-montos-por-concepto-de-multas-recargos-entre-otros","status":"publish","type":"page","link":"https:\/\/www.fresnillo.gob.mx\/transparencia\/transparencia\/articulo-15\/vii-montos-por-concepto-de-multas-recargos-entre-otros\/","title":{"rendered":"VII. Montos por concepto de multas, recargos, entre otros"},"content":{"rendered":"<div class=\"wpb-content-wrapper\"><p>[vc_row][vc_column][vc_column_text css=\u00bb\u00bb]<\/p>\n<h3 style=\"text-align: center;\"><strong><span style=\"color: #800000;\">INFORMACI\u00d3N ACTUALIZADA AL 4to TRIMESTRE 2016<\/span><\/strong><\/h3>\n<h3 style=\"text-align: center;\"><strong><span style=\"color: #800000;\">Informaci\u00f3n proporcionada por la Direcci\u00f3n de Finanzas y\u00a0Tesorer\u00eda<\/span><\/strong><\/h3>\n<h3 style=\"text-align: center;\"><img decoding=\"async\" class=\"filer_image aligncenter\" src=\"https:\/\/www.fllo.gob.mx\/media\/filer_public_thumbnails\/filer_public\/0f\/07\/0f0762d7-10be-465b-a59e-0fd9450dd83c\/multas_recargos_trim0214.jpg__100x150_q85_crop_subsampling-2_upscale.jpg\" alt=\"multas_recargos_trim0214.jpg\" \/><\/h3>\n<p style=\"text-align: center;\"><span style=\"color: #333333;\"><strong><a style=\"color: #333333;\" href=\"https:\/\/www.fresnillo.gob.mx\/wp-content\/uploads\/2018\/12\/1_15.pdf\">_1_15<\/a><\/strong><\/span><\/p>\n<p style=\"text-align: center;\"><span style=\"color: #800000;\"><strong>Informaci\u00f3n al 2o. Trim. 2014<\/strong><\/span><\/p>\n<p><img decoding=\"async\" class=\"filer_image aligncenter\" src=\"https:\/\/www.fllo.gob.mx\/media\/filer_public_thumbnails\/filer_public\/5a\/8f\/5a8ff397-2302-4b35-bb5c-c1009bbd753f\/multas_recargos_trim0214_1.jpg__100x150_q85_crop_subsampling-2_upscale.jpg\" alt=\"multas_recargos_trim0214 (1).jpg\" \/><\/p>\n<p>&nbsp;<\/p>\n<p style=\"text-align: center;\"><span style=\"color: #333333;\"><strong>_2_xmultas_recargos_trim0214<\/strong><\/span><\/p>\n<p>&nbsp;<\/p>\n<p style=\"text-align: center;\"><span style=\"color: #800000;\"><strong>Informaci\u00f3n al 1er. Trim. 2014<\/strong><\/span><\/p>\n<p><img decoding=\"async\" class=\"filer_image aligncenter\" src=\"https:\/\/www.fllo.gob.mx\/media\/filer_public_thumbnails\/filer_public\/73\/1e\/731e9c1c-ab2c-4380-a12c-b506742e1375\/multas_recargos_trim0114.jpg__100x143_q85_crop_subsampling-2_upscale.jpg\" alt=\"multas_recargos_trim0114.jpg\" \/><\/p>\n<p style=\"text-align: center;\"><span style=\"color: #333333;\"><strong><a style=\"color: #333333;\" href=\"https:\/\/www.fresnillo.gob.mx\/wp-content\/uploads\/2018\/11\/3_xmultas_recargos_trim0114.pdf\">_3_xmultas_recargos_trim0114<\/a><\/strong><\/span><\/p>\n<p>&nbsp;<\/p>\n<p style=\"text-align: center;\"><span style=\"color: #800000;\"><strong>Informaci\u00f3n al 4o. Trim. 2013<\/strong><\/span><\/p>\n<p><img decoding=\"async\" class=\"filer_image aligncenter\" src=\"https:\/\/www.fllo.gob.mx\/media\/filer_public_thumbnails\/filer_public\/83\/39\/8339100b-cd20-4f57-a3b7-557a257c12fd\/multas_recargos_trim0413.jpg__100x140_q85_crop_subsampling-2_upscale.jpg\" alt=\"multas_recargos_trim0413.jpg\" \/><\/p>\n<p style=\"text-align: center;\"><span style=\"color: #333333;\"><strong><a style=\"color: #333333;\" href=\"https:\/\/www.fresnillo.gob.mx\/wp-content\/uploads\/2018\/12\/4_15.pdf\">_4_15<\/a><\/strong><\/span><\/p>\n<p>[\/vc_column_text][\/vc_column][\/vc_row]<\/p>\n<\/div>","protected":false},"excerpt":{"rendered":"<p>[vc_row][vc_column][vc_column_text css=\u00bb\u00bb] INFORMACI\u00d3N ACTUALIZADA AL 4to TRIMESTRE 2016 Informaci\u00f3n proporcionada por la Direcci\u00f3n de Finanzas y\u00a0Tesorer\u00eda _1_15 Informaci\u00f3n al 2o. Trim. 2014 &nbsp; _2_xmultas_recargos_trim0214 &nbsp; Informaci\u00f3n al 1er. Trim. 2014 _3_xmultas_recargos_trim0114 &nbsp; Informaci\u00f3n al 4o. Trim. 2013 _4_15 [\/vc_column_text][\/vc_column][\/vc_row]<\/p>\n","protected":false},"author":1,"featured_media":0,"parent":1040,"menu_order":11,"comment_status":"closed","ping_status":"closed","template":"page-templates\/template-articulos.php","meta":{"_uag_custom_page_level_css":"","advgb_blocks_editor_width":"","advgb_blocks_columns_visual_guide":"","footnotes":""},"class_list":["post-1214","page","type-page","status-publish","hentry"],"uagb_featured_image_src":{"full":false,"thumbnail":false,"medium":false,"medium_large":false,"large":false,"1536x1536":false,"2048x2048":false},"uagb_author_info":{"display_name":"admin","author_link":"https:\/\/www.fresnillo.gob.mx\/transparencia\/author\/admin\/"},"uagb_comment_info":0,"uagb_excerpt":"[vc_row][vc_column][vc_column_text css=\u00bb\u00bb] INFORMACI\u00d3N ACTUALIZADA AL 4to TRIMESTRE 2016 Informaci\u00f3n proporcionada por la Direcci\u00f3n de Finanzas y\u00a0Tesorer\u00eda _1_15 Informaci\u00f3n al 2o. Trim. 2014 &nbsp; _2_xmultas_recargos_trim0214 &nbsp; Informaci\u00f3n al 1er. Trim. 2014 _3_xmultas_recargos_trim0114 &nbsp; Informaci\u00f3n al 4o. Trim. 2013 _4_15 [\/vc_column_text][\/vc_column][\/vc_row]","coauthors":[],"author_meta":{"author_link":"https:\/\/www.fresnillo.gob.mx\/transparencia\/author\/admin\/","display_name":"admin"},"relative_dates":{"created":"Publicado 8 a\u00f1os hace","modified":"Actualizado 1 a\u00f1o hace"},"absolute_dates":{"created":"Publicado el octubre 17, 2018","modified":"Actualizado el enero 9, 2025"},"absolute_dates_time":{"created":"Publicado el octubre 17, 2018 4:20 am","modified":"Actualizado el enero 9, 2025 7:27 pm"},"featured_img_caption":"","featured_img":false,"series_order":"","_links":{"self":[{"href":"https:\/\/www.fresnillo.gob.mx\/transparencia\/wp-json\/wp\/v2\/pages\/1214","targetHints":{"allow":["GET"]}}],"collection":[{"href":"https:\/\/www.fresnillo.gob.mx\/transparencia\/wp-json\/wp\/v2\/pages"}],"about":[{"href":"https:\/\/www.fresnillo.gob.mx\/transparencia\/wp-json\/wp\/v2\/types\/page"}],"author":[{"embeddable":true,"href":"https:\/\/www.fresnillo.gob.mx\/transparencia\/wp-json\/wp\/v2\/users\/1"}],"replies":[{"embeddable":true,"href":"https:\/\/www.fresnillo.gob.mx\/transparencia\/wp-json\/wp\/v2\/comments?post=1214"}],"version-history":[{"count":0,"href":"https:\/\/www.fresnillo.gob.mx\/transparencia\/wp-json\/wp\/v2\/pages\/1214\/revisions"}],"up":[{"embeddable":true,"href":"https:\/\/www.fresnillo.gob.mx\/transparencia\/wp-json\/wp\/v2\/pages\/1040"}],"wp:attachment":[{"href":"https:\/\/www.fresnillo.gob.mx\/transparencia\/wp-json\/wp\/v2\/media?parent=1214"}],"curies":[{"name":"wp","href":"https:\/\/api.w.org\/{rel}","templated":true}]}}