{"id":1445,"date":"2018-10-22T15:50:58","date_gmt":"2018-10-22T15:50:58","guid":{"rendered":"https:\/\/www.seguiremoshaciendohistoria.gob.mx\/transparencia\/articulo-39\/ix-gasto-de-representacion-y-viaticos\/"},"modified":"2026-01-14T16:21:18","modified_gmt":"2026-01-14T16:21:18","slug":"ix-gasto-de-representacion-y-viaticos","status":"publish","type":"page","link":"https:\/\/www.fresnillo.gob.mx\/transparencia\/transparencia\/articulo-39\/ix-gasto-de-representacion-y-viaticos\/","title":{"rendered":"IX. Gasto de Representaci\u00f3n y Vi\u00e1ticos"},"content":{"rendered":"<div class=\"wpb-content-wrapper\"><p>[vc_row][vc_column][vc_column_text css=\u00bb\u00bb]<\/p>\n<h1 style=\"text-align: center;\"><span style=\"color: #333399;\">FRACCI\u00d3N IX.<\/span><\/h1>\n<h1 class=\"cms-plugin cms-plugin-645\" style=\"text-align: center;\"><span style=\"color: #3366ff;\"><strong>Los gastos de representaci\u00f3n y vi\u00e1ticos,\u00a0as\u00ed como el objeto e informe de comisi\u00f3n correspondiente.<\/strong><\/span><\/h1>\n<h2 class=\"has-text-align-right\" style=\"text-align: right;\"><span style=\"color: #333399;\"><strong>Fecha de Actualizaci\u00f3n 31\/Diciembre\/2025<\/strong><\/span><\/h2>\n<h2 class=\"cms-plugin cms-plugin-639\"><\/h2>\n<h4><\/h4>\n<p>[\/vc_column_text][\/vc_column][\/vc_row][vc_row][vc_column][vc_separator color=\u00bbblue\u00bb border_width=\u00bb10&#8243; css=\u00bb\u00bb][\/vc_column][\/vc_row][vc_row][vc_column][\/vc_column][\/vc_row][vc_row][vc_column][vc_tta_tabs][vc_tta_section title=\u00bbEjercicio 2023&#8243; tab_id=\u00bb1756222329479-cb0a95e6-71c1&#8243;][vc_column_text css=\u00bb\u00bb]<\/p>\n<h4><span style=\"color: #3366ff;\">Consulta la Informaci\u00f3n del Ejercicio 2023<\/span><\/h4>\n<p>[\/vc_column_text][vc_btn title=\u00bbConsulta la Informaci\u00f3n\u00bb style=\u00bb3d\u00bb color=\u00bbprimary\u00bb css=\u00bb\u00bb link=\u00bburl:https%3A%2F%2Ftinyurl.com%2F28ukfz57|target:_blank\u00bb][\/vc_tta_section][vc_tta_section title=\u00bbEjercicio 2024&#8243; tab_id=\u00bb1756222210356-c31082ba-557a\u00bb][vc_column_text css=\u00bb\u00bb]<\/p>\n<h4><span style=\"color: #3366ff;\">Consulta la Informaci\u00f3n del Ejercicio 2024<\/span><\/h4>\n<p>[\/vc_column_text][vc_btn title=\u00bbConsulta la Informaci\u00f3n\u00bb style=\u00bb3d\u00bb color=\u00bbprimary\u00bb css=\u00bb\u00bb link=\u00bburl:https%3A%2F%2Ftinyurl.com%2F26u9lwen|target:_blank\u00bb][\/vc_tta_section][vc_tta_section title=\u00bbAdministraci\u00f3n Actual 2024 &#8211; 2027&#8243; tab_id=\u00bb1756222210382-df0f5831-374a\u00bb][vc_column_text css=\u00bb\u00bb]<\/p>\n<h4><span style=\"color: #3366ff;\">Consulta la informaci\u00f3n de la Administraci\u00f3n 2024 &#8211; 2025<\/span><\/h4>\n<p>[\/vc_column_text][vc_btn title=\u00bbConsulta la Informaci\u00f3n\u00bb style=\u00bb3d\u00bb color=\u00bbprimary\u00bb css=\u00bb\u00bb link=\u00bburl:https%3A%2F%2Ftinyurl.com%2F25eu3b26|target:_blank\u00bb][\/vc_tta_section][\/vc_tta_tabs][\/vc_column][\/vc_row][vc_row][vc_column][\/vc_column][\/vc_row]<\/p>\n<\/div>","protected":false},"excerpt":{"rendered":"<p>[vc_row][vc_column][vc_column_text css=\u00bb\u00bb] FRACCI\u00d3N IX. Los gastos de representaci\u00f3n y vi\u00e1ticos,\u00a0as\u00ed como el objeto e informe de comisi\u00f3n correspondiente. Fecha de Actualizaci\u00f3n 31\/Diciembre\/2025 [\/vc_column_text][\/vc_column][\/vc_row][vc_row][vc_column][vc_separator color=\u00bbblue\u00bb border_width=\u00bb10&#8243; css=\u00bb\u00bb][\/vc_column][\/vc_row][vc_row][vc_column][\/vc_column][\/vc_row][vc_row][vc_column][vc_tta_tabs][vc_tta_section title=\u00bbEjercicio 2023&#8243; tab_id=\u00bb1756222329479-cb0a95e6-71c1&#8243;][vc_column_text css=\u00bb\u00bb] Consulta la Informaci\u00f3n del Ejercicio 2023 [\/vc_column_text][vc_btn title=\u00bbConsulta la Informaci\u00f3n\u00bb style=\u00bb3d\u00bb color=\u00bbprimary\u00bb css=\u00bb\u00bb link=\u00bburl:https%3A%2F%2Ftinyurl.com%2F28ukfz57|target:_blank\u00bb][\/vc_tta_section][vc_tta_section title=\u00bbEjercicio 2024&#8243; tab_id=\u00bb1756222210356-c31082ba-557a\u00bb][vc_column_text css=\u00bb\u00bb] Consulta la Informaci\u00f3n del Ejercicio 2024 [\/vc_column_text][vc_btn [&hellip;]<\/p>\n","protected":false},"author":1,"featured_media":0,"parent":1041,"menu_order":21,"comment_status":"closed","ping_status":"closed","template":"page-templates\/template-articulos.php","meta":{"_uag_custom_page_level_css":"","advgb_blocks_editor_width":"","advgb_blocks_columns_visual_guide":"","footnotes":""},"class_list":["post-1445","page","type-page","status-publish","hentry"],"uagb_featured_image_src":{"full":false,"thumbnail":false,"medium":false,"medium_large":false,"large":false,"1536x1536":false,"2048x2048":false},"uagb_author_info":{"display_name":"admin","author_link":"https:\/\/www.fresnillo.gob.mx\/transparencia\/author\/admin\/"},"uagb_comment_info":0,"uagb_excerpt":"[vc_row][vc_column][vc_column_text css=\u00bb\u00bb] FRACCI\u00d3N IX. Los gastos de representaci\u00f3n y vi\u00e1ticos,\u00a0as\u00ed como el objeto e informe de comisi\u00f3n correspondiente. Fecha de Actualizaci\u00f3n 31\/Diciembre\/2025 [\/vc_column_text][\/vc_column][\/vc_row][vc_row][vc_column][vc_separator color=\u00bbblue\u00bb border_width=\u00bb10&#8243; css=\u00bb\u00bb][\/vc_column][\/vc_row][vc_row][vc_column][\/vc_column][\/vc_row][vc_row][vc_column][vc_tta_tabs][vc_tta_section title=\u00bbEjercicio 2023&#8243; tab_id=\u00bb1756222329479-cb0a95e6-71c1&#8243;][vc_column_text css=\u00bb\u00bb] Consulta la Informaci\u00f3n del Ejercicio 2023 [\/vc_column_text][vc_btn title=\u00bbConsulta la Informaci\u00f3n\u00bb style=\u00bb3d\u00bb color=\u00bbprimary\u00bb css=\u00bb\u00bb link=\u00bburl:https%3A%2F%2Ftinyurl.com%2F28ukfz57|target:_blank\u00bb][\/vc_tta_section][vc_tta_section title=\u00bbEjercicio 2024&#8243; tab_id=\u00bb1756222210356-c31082ba-557a\u00bb][vc_column_text css=\u00bb\u00bb] Consulta la Informaci\u00f3n del Ejercicio 2024 [\/vc_column_text][vc_btn&hellip;","coauthors":[],"author_meta":{"author_link":"https:\/\/www.fresnillo.gob.mx\/transparencia\/author\/admin\/","display_name":"admin"},"relative_dates":{"created":"Publicado 8 a\u00f1os hace","modified":"Actualizado 4 meses hace"},"absolute_dates":{"created":"Publicado el octubre 22, 2018","modified":"Actualizado el enero 14, 2026"},"absolute_dates_time":{"created":"Publicado el octubre 22, 2018 3:50 pm","modified":"Actualizado el enero 14, 2026 4:21 pm"},"featured_img_caption":"","featured_img":false,"series_order":"","_links":{"self":[{"href":"https:\/\/www.fresnillo.gob.mx\/transparencia\/wp-json\/wp\/v2\/pages\/1445","targetHints":{"allow":["GET"]}}],"collection":[{"href":"https:\/\/www.fresnillo.gob.mx\/transparencia\/wp-json\/wp\/v2\/pages"}],"about":[{"href":"https:\/\/www.fresnillo.gob.mx\/transparencia\/wp-json\/wp\/v2\/types\/page"}],"author":[{"embeddable":true,"href":"https:\/\/www.fresnillo.gob.mx\/transparencia\/wp-json\/wp\/v2\/users\/1"}],"replies":[{"embeddable":true,"href":"https:\/\/www.fresnillo.gob.mx\/transparencia\/wp-json\/wp\/v2\/comments?post=1445"}],"version-history":[{"count":10,"href":"https:\/\/www.fresnillo.gob.mx\/transparencia\/wp-json\/wp\/v2\/pages\/1445\/revisions"}],"predecessor-version":[{"id":78657,"href":"https:\/\/www.fresnillo.gob.mx\/transparencia\/wp-json\/wp\/v2\/pages\/1445\/revisions\/78657"}],"up":[{"embeddable":true,"href":"https:\/\/www.fresnillo.gob.mx\/transparencia\/wp-json\/wp\/v2\/pages\/1041"}],"wp:attachment":[{"href":"https:\/\/www.fresnillo.gob.mx\/transparencia\/wp-json\/wp\/v2\/media?parent=1445"}],"curies":[{"name":"wp","href":"https:\/\/api.w.org\/{rel}","templated":true}]}}