{"id":1453,"date":"2018-10-22T15:52:12","date_gmt":"2018-10-22T15:52:12","guid":{"rendered":"https:\/\/www.seguiremoshaciendohistoria.gob.mx\/transparencia\/articulo-39\/xvii-informacion-curricular\/"},"modified":"2026-02-09T19:43:06","modified_gmt":"2026-02-09T19:43:06","slug":"17-informacion-curricular","status":"publish","type":"page","link":"https:\/\/www.fresnillo.gob.mx\/transparencia\/transparencia\/articulo-39\/17-informacion-curricular\/","title":{"rendered":"XVII. Informaci\u00f3n curricular"},"content":{"rendered":"<div class=\"wpb-content-wrapper\"><p>[vc_row][vc_column][vc_column_text css=\u00bb\u00bb]<\/p>\n<h1 style=\"text-align: center;\"><span style=\"color: #333399;\"><strong>FRACCI\u00d3N XVII.<\/strong><\/span><\/h1>\n<h1 style=\"text-align: center;\"><span style=\"color: #3366ff;\"><strong>La informaci\u00f3n curricular desde el nivel de jefe de departamento o equivalente hasta el titular del sujeto obligado, as\u00ed como, en su caso, las sanciones administrativas de que haya sido objeto.<\/strong><\/span><\/h1>\n<h2 class=\"has-text-align-right\" style=\"text-align: right;\"><span style=\"color: #333399;\"><strong>Fecha de Actualizaci\u00f3n 31\/Diciembre\/2025<\/strong><\/span><\/h2>\n<h2 class=\"cms-plugin cms-plugin-639\"><\/h2>\n<h2 class=\"cms-plugin cms-plugin-653\"><\/h2>\n<p>[\/vc_column_text][vc_separator color=\u00bbblue\u00bb border_width=\u00bb10&#8243; css=\u00bb\u00bb][\/vc_column][\/vc_row][vc_row][vc_column][vc_column_text css=\u00bb\u00bb][\/vc_column_text][vc_tta_tabs style=\u00bbmodern\u00bb color=\u00bbblue\u00bb spacing=\u00bb35&#8243; alignment=\u00bbcenter\u00bb active_section=\u00bb1&#8243; no_fill_content_area=\u00bbtrue\u00bb title=\u00bbCurriculums Administraci\u00f3n 2024 &#8211; 2027&#8243;][vc_tta_section title=\u00bbADMINISTRACI\u00d3N 2024 -2027&#8243; tab_id=\u00bb1738692589566-c9a744b1-57ce\u00bb][vc_column_text css=\u00bb\u00bb]<\/p>\n<ul>\n<li style=\"list-style-type: none;\">\n<ul>\n<li>\n<h3>\u00a0<span style=\"color: #3366ff;\"><a href=\"https:\/\/www.fresnillo.gob.mx\/transparencia\/wp-content\/uploads\/2025\/11\/JAVIER-TORRES-RODRIGUEZ.pdf\">JAVIER TORRES RODRIGUEZ<\/a><\/span><\/h3>\n<\/li>\n<li>\n<h3><span style=\"color: #3366ff;\"><a style=\"color: #3366ff;\" href=\"https:\/\/www.fresnillo.gob.mx\/transparencia\/wp-content\/uploads\/2025\/02\/Curriculum-Ruben-Rios-Huerta.pdf\" target=\"_blank\" rel=\"noopener\">Ruben Rios Huerta<\/a><\/span><\/h3>\n<\/li>\n<li>\n<h3><span style=\"color: #3366ff;\"><a style=\"color: #3366ff;\" href=\"https:\/\/www.fresnillo.gob.mx\/transparencia\/wp-content\/uploads\/2025\/02\/Curriculum-Marcela-del-Cojo-Gomez-1.pdf\" target=\"_blank\" rel=\"noopener\">Marcela del Cojo G\u00f3mez<\/a><\/span><\/h3>\n<\/li>\n<li>\n<h3><span style=\"color: #3366ff;\"><a style=\"color: #3366ff;\" href=\"https:\/\/www.fresnillo.gob.mx\/transparencia\/wp-content\/uploads\/2025\/02\/Curriculum-David-Eduardo-Paniagua-Rodriguez.pdf\" target=\"_blank\" rel=\"noopener\">David Eduardo Paniagua Rodriguez<\/a><\/span><\/h3>\n<\/li>\n<li>\n<h3><span style=\"color: #3366ff;\"><a style=\"color: #3366ff;\" href=\"https:\/\/www.fresnillo.gob.mx\/transparencia\/wp-content\/uploads\/2025\/02\/Curriculum-Daniel-Alonzo-Chavez-de-Leon.pdf\" target=\"_blank\" rel=\"noopener\">Daniel Alonzo Chavez de Leon<\/a><\/span><\/h3>\n<\/li>\n<li>\n<h3><span style=\"color: #3366ff;\"><a style=\"color: #3366ff;\" href=\"https:\/\/www.fresnillo.gob.mx\/transparencia\/wp-content\/uploads\/2025\/02\/Curriculum-Fidel-Alvarado-de-la-Torre.pdf\" target=\"_blank\" rel=\"noopener\">Fidel Alvarado de la Torre<\/a><\/span><\/h3>\n<\/li>\n<li>\n<h3><span style=\"color: #3366ff;\"><a style=\"color: #3366ff;\" href=\"https:\/\/www.fresnillo.gob.mx\/transparencia\/wp-content\/uploads\/2025\/02\/Curriculum-Jose-Humberto-Venegas-Badillo.pdf\" target=\"_blank\" rel=\"noopener\">Jose Humberto Venegas Badillo<\/a><\/span><\/h3>\n<\/li>\n<li>\n<h3><span style=\"color: #3366ff;\"><a style=\"color: #3366ff;\" href=\"https:\/\/www.fresnillo.gob.mx\/transparencia\/wp-content\/uploads\/2025\/02\/Curriculum-Luis-Fernando-Badillo-Mendez-1.pdf\" target=\"_blank\" rel=\"noopener\">Luis Fernando Badillo Mendez<\/a><\/span><\/h3>\n<\/li>\n<li>\n<h3><span style=\"color: #3366ff;\"><a style=\"color: #3366ff;\" href=\"https:\/\/www.fresnillo.gob.mx\/transparencia\/wp-content\/uploads\/2025\/02\/Curriculum-Sandra-Garcia-Tovar.pdf\" target=\"_blank\" rel=\"noopener\">Sandra Garcia Tovar<\/a><\/span><\/h3>\n<\/li>\n<li>\n<h3><span style=\"color: #3366ff;\"><a style=\"color: #3366ff;\" href=\"https:\/\/www.fresnillo.gob.mx\/transparencia\/wp-content\/uploads\/2025\/04\/SANTA-PAZ-DOMINGUEZ-DOMINGUEZ.pdf\">SANTA PAZ DOM\u00cdNGUEZ DOM\u00cdNGUEZ<\/a><\/span><\/h3>\n<\/li>\n<li>\n<h3><span style=\"color: #3366ff;\"><a href=\"https:\/\/www.fresnillo.gob.mx\/transparencia\/wp-content\/uploads\/2025\/11\/Alma-Samantha-Marin-Martinez.pdf\">Alma Samantha Marin Martinez<\/a><\/span><\/h3>\n<\/li>\n<li>\n<h3><span style=\"color: #3366ff;\"><a href=\"https:\/\/www.fresnillo.gob.mx\/transparencia\/wp-content\/uploads\/2025\/11\/ANTONIO-DE-JESUS-OLIVA-PUENTES.pdf\">ANTONIO DE JESUS OLIVA PUENTES<\/a><\/span><\/h3>\n<\/li>\n<li>\n<h3><span style=\"color: #3366ff;\"><a href=\"https:\/\/www.fresnillo.gob.mx\/transparencia\/wp-content\/uploads\/2025\/11\/CARLOS-SAID-ADABACHE.pdf\">CARLOS SAID ADABACHE<\/a><\/span><\/h3>\n<\/li>\n<li>\n<h3><span style=\"color: #3366ff;\"><a style=\"color: #3366ff;\" href=\"https:\/\/www.fresnillo.gob.mx\/transparencia\/wp-content\/uploads\/2025\/02\/Curriculum-Cecilia-Rodriguez-Sucunza.pdf\" target=\"_blank\" rel=\"noopener\">Cecilia Rodriguez Sucunza<\/a><\/span><\/h3>\n<\/li>\n<li>\n<h3><span style=\"color: #3366ff;\"><a style=\"color: #3366ff;\" href=\"https:\/\/www.fresnillo.gob.mx\/transparencia\/wp-content\/uploads\/2025\/02\/Curriculum-Cynthia-Rivas-Montoya.pdf\" target=\"_blank\" rel=\"noopener\">Cynthia Rivas Montoya<\/a><\/span><\/h3>\n<\/li>\n<li>\n<h3><span style=\"color: #3366ff;\"><a style=\"color: #3366ff;\" href=\"https:\/\/www.fresnillo.gob.mx\/transparencia\/wp-content\/uploads\/2025\/02\/Curriculum-David-Gutierrez-Lares.pdf\" target=\"_blank\" rel=\"noopener\">David Gutierrez Lares<\/a><\/span><\/h3>\n<\/li>\n<li>\n<h3><span style=\"color: #3366ff;\"><a style=\"color: #3366ff;\" href=\"https:\/\/www.fresnillo.gob.mx\/transparencia\/wp-content\/uploads\/2025\/02\/Curriculum-David-Hernandez-Hernandez.pdf\" target=\"_blank\" rel=\"noopener\">David Hernandez Hernandez<\/a><\/span><\/h3>\n<\/li>\n<li>\n<h3><span style=\"color: #3366ff;\"><a style=\"color: #3366ff;\" href=\"https:\/\/www.fresnillo.gob.mx\/transparencia\/wp-content\/uploads\/2025\/02\/Curriculum-Dulce-Maria-Alvarado-Campa.pdf\" target=\"_blank\" rel=\"noopener\">Dulce Maria Alvarado Campa<\/a><\/span><\/h3>\n<\/li>\n<li>\n<h3><span style=\"color: #3366ff;\"><a href=\"https:\/\/www.fresnillo.gob.mx\/transparencia\/wp-content\/uploads\/2025\/11\/Edgar-Aaron-Velazquez-Hernandez-1.pdf\">Edgar Aar\u00f3n Vel\u00e1zquez Hern\u00e1ndez<\/a><\/span><\/h3>\n<\/li>\n<li>\n<h3><span style=\"color: #3366ff;\"><a href=\"https:\/\/www.fresnillo.gob.mx\/transparencia\/wp-content\/uploads\/2025\/11\/EDGAR-DE-LA-CRUZ-DELGADO.pdf\">EDGAR DE LA CRUZ DELGADO<\/a><\/span><\/h3>\n<\/li>\n<li>\n<h3><span style=\"color: #3366ff;\"><a style=\"color: #3366ff;\" href=\"https:\/\/www.fresnillo.gob.mx\/transparencia\/wp-content\/uploads\/2025\/02\/Curriculum-Emmanuel-Gilberto-Martinez-Rodriguez.pdf\" target=\"_blank\" rel=\"noopener\">Emmanuel Gilberto Martinez Rodriguez<\/a><\/span><\/h3>\n<\/li>\n<li>\n<h3><span style=\"color: #3366ff;\"><a style=\"color: #3366ff;\" href=\"https:\/\/www.fresnillo.gob.mx\/transparencia\/wp-content\/uploads\/2025\/02\/Curriculum-Esther-Adriana-Sanchez-Perez.pdf\" target=\"_blank\" rel=\"noopener\">Esther Adriana Sanchez Perez<\/a><\/span><\/h3>\n<\/li>\n<li>\n<h3><span style=\"color: #3366ff;\"><a style=\"color: #3366ff;\" href=\"https:\/\/www.fresnillo.gob.mx\/transparencia\/wp-content\/uploads\/2025\/02\/Curriculum-Federico-Alejandro-Ornedo-Esqueda.pdf\" target=\"_blank\" rel=\"noopener\">Federico Alejandro Ornedo Esqueda<\/a><\/span><\/h3>\n<\/li>\n<li>\n<h3><span style=\"color: #3366ff;\"><a style=\"color: #3366ff;\" href=\"https:\/\/www.fresnillo.gob.mx\/transparencia\/wp-content\/uploads\/2025\/02\/Curriculum-Geraldin-Munoz-Herrera.pdf\" target=\"_blank\" rel=\"noopener\">Geraldin Mu\u00f1oz Herrera<\/a><\/span><\/h3>\n<\/li>\n<li>\n<h3><span style=\"color: #3366ff;\"><a href=\"https:\/\/www.fresnillo.gob.mx\/transparencia\/wp-content\/uploads\/2025\/11\/GABRIEL-MORALES-TORRES.pdf\">GABRIEL MORALES TORRES<\/a><\/span><\/h3>\n<\/li>\n<li>\n<h3><span style=\"color: #3366ff;\"><a style=\"color: #3366ff;\" href=\"https:\/\/www.fresnillo.gob.mx\/transparencia\/wp-content\/uploads\/2025\/02\/Curriculum-Griselda-Susana-Macias-Castaneda.pdf\" target=\"_blank\" rel=\"noopener\">Griselda Susana Macias Casta\u00f1eda<\/a><\/span><\/h3>\n<\/li>\n<li>\n<h3><span style=\"color: #3366ff;\"><a style=\"color: #3366ff;\" href=\"https:\/\/www.fresnillo.gob.mx\/transparencia\/wp-content\/uploads\/2025\/02\/Curriculum-Hector-Adrian-Menchaca-Medrano.pdf\">Hector Adrian Menchaca Medrano<\/a><\/span><\/h3>\n<\/li>\n<li>\n<h3><span style=\"color: #3366ff;\"><a style=\"color: #3366ff;\" href=\"https:\/\/www.fresnillo.gob.mx\/transparencia\/wp-content\/uploads\/2025\/02\/Curriculum-Heliodoro-Benjamin-Gil-Ramirez-Rodriguez.pdf\" target=\"_blank\" rel=\"noopener\">Heliodoro Benjamin Gil Ramirez Rodriguez<\/a><\/span><\/h3>\n<\/li>\n<li>\n<h3><span style=\"color: #3366ff;\"><a style=\"color: #3366ff;\" href=\"https:\/\/www.fresnillo.gob.mx\/transparencia\/wp-content\/uploads\/2025\/02\/Curriculum-Jimena-Stephania-Bracamontes-Dominguez.pdf\" target=\"_blank\" rel=\"noopener\">Jimena Stephania Bracamontes Dominguez<\/a><\/span><\/h3>\n<\/li>\n<li>\n<h3><span style=\"color: #3366ff;\"><a href=\"https:\/\/www.fresnillo.gob.mx\/transparencia\/wp-content\/uploads\/2025\/11\/JOSE-ABRAHAM-LUNA-RUEDAS.pdf\">JOS\u00c9 ABRAHAM LUNA RUEDAS<\/a><\/span><\/h3>\n<\/li>\n<li>\n<h3><span style=\"color: #3366ff;\"><a href=\"https:\/\/www.fresnillo.gob.mx\/transparencia\/wp-content\/uploads\/2025\/11\/JOSE-PABLO-PINAL-GUAJARDO.pdf\">JOS\u00c9 PABLO PINAL GUAJARDO<\/a><\/span><\/h3>\n<\/li>\n<li>\n<h3><span style=\"color: #3366ff;\">Khrisalida L. Aguirre Campos<\/span><\/h3>\n<\/li>\n<li>\n<h3><span style=\"color: #3366ff;\"><a style=\"color: #3366ff;\" href=\"https:\/\/www.fresnillo.gob.mx\/transparencia\/wp-content\/uploads\/2025\/02\/Curriculum-Leonel-Ivan-Miranda-Mendez.pdf\" target=\"_blank\" rel=\"noopener\">Leonel Ivan Miranda Mendez<\/a><\/span><\/h3>\n<\/li>\n<li>\n<h3><span style=\"color: #3366ff;\"><a style=\"color: #3366ff;\" href=\"https:\/\/www.fresnillo.gob.mx\/transparencia\/wp-content\/uploads\/2025\/04\/LIZETTE-CALDERA-GARCIA.pdf\">LIZETTE CALDERA GARC\u00cdA<\/a><\/span><\/h3>\n<\/li>\n<li>\n<h3><span style=\"color: #3366ff;\"><a style=\"color: #3366ff;\" href=\"https:\/\/www.fresnillo.gob.mx\/transparencia\/wp-content\/uploads\/2025\/02\/Curriculum-Ma.-Rafaela-Carrillo-Vargas-1.pdf\" target=\"_blank\" rel=\"noopener\">Ma. Rafaela Carrillo Vargas<\/a><\/span><\/h3>\n<\/li>\n<li>\n<h3><span style=\"color: #3366ff;\"><a href=\"https:\/\/www.fresnillo.gob.mx\/transparencia\/wp-content\/uploads\/2025\/11\/MANUEL-NAVARRO-GONZALEZ.pdf\">MANUEL NAVARRO GONZALEZ<\/a><\/span><\/h3>\n<\/li>\n<li>\n<h3><span style=\"color: #3366ff;\"><a href=\"https:\/\/www.fresnillo.gob.mx\/transparencia\/wp-content\/uploads\/2025\/11\/MARISOL-MARTINEZ-ELICERIO.pdf\">MARISOL MARTINEZ ELICERIO<\/a><\/span><\/h3>\n<\/li>\n<li>\n<h3><span style=\"color: #3366ff;\"><a style=\"color: #3366ff;\" href=\"https:\/\/www.fresnillo.gob.mx\/transparencia\/wp-content\/uploads\/2025\/02\/Curriculum-Miguel-Angel-Arellano-de-Lara.pdf\" target=\"_blank\" rel=\"noopener\">Miguel Angel Arellano de Lara<\/a><\/span><\/h3>\n<\/li>\n<li>\n<h3><span style=\"color: #3366ff;\"><a style=\"color: #3366ff;\" href=\"https:\/\/www.fresnillo.gob.mx\/transparencia\/wp-content\/uploads\/2025\/02\/Curriculum-Nivia-Sandoval-Ordaz.pdf\" target=\"_blank\" rel=\"noopener\">Nivia Sandoval Ordaz<\/a><\/span><\/h3>\n<\/li>\n<li>\n<h3><span style=\"color: #3366ff;\"><a href=\"https:\/\/www.fresnillo.gob.mx\/transparencia\/wp-content\/uploads\/2025\/11\/ROSA-FATIMA-PULIDO-FLORES.pdf\">ROSA FATIMA PULIDO FLORES<\/a><\/span><\/h3>\n<\/li>\n<li>\n<h3><span style=\"color: #3366ff;\"><a style=\"color: #3366ff;\" href=\"https:\/\/www.fresnillo.gob.mx\/transparencia\/wp-content\/uploads\/2025\/02\/Curriculum-Sandra-Paola-Lopez-Martinez.pdf\" target=\"_blank\" rel=\"noopener\">Sandra Paola Lopez Martinez<\/a><\/span><\/h3>\n<\/li>\n<li>\n<h3><span style=\"color: #3366ff;\"><a style=\"color: #3366ff;\" href=\"https:\/\/www.fresnillo.gob.mx\/transparencia\/wp-content\/uploads\/2025\/02\/Curriculum-Zita-Campillo-Ocho.pdf\" target=\"_blank\" rel=\"noopener\">Zita Campillo Ocho<\/a><\/span><\/h3>\n<\/li>\n<li>\n<h3><span style=\"color: #3366ff;\"><a style=\"color: #3366ff;\" href=\"https:\/\/www.fresnillo.gob.mx\/transparencia\/wp-content\/uploads\/2025\/04\/CARLOS-A.-HERNANDEZ-BAEZ.pdf\">CARLOS A. HERNANDEZ BAEZ<\/a><\/span><\/h3>\n<\/li>\n<li>\n<h3><span style=\"color: #3366ff;\"><a style=\"color: #3366ff;\" href=\"https:\/\/www.fresnillo.gob.mx\/transparencia\/wp-content\/uploads\/2025\/04\/CECILIA-FLORES-DE-SANTIAGO.pdf\">CECILIA FLORES DE SANTIAGO<\/a><\/span><\/h3>\n<\/li>\n<li>\n<h3><span style=\"color: #3366ff;\"><a style=\"color: #3366ff;\" href=\"https:\/\/www.fresnillo.gob.mx\/transparencia\/wp-content\/uploads\/2025\/04\/GIMENA-VELAZQUEZ.pdf\">GIMENA VELAZQUEZ<\/a><\/span><\/h3>\n<\/li>\n<li>\n<h3><span style=\"color: #3366ff;\"><a href=\"https:\/\/www.fresnillo.gob.mx\/transparencia\/wp-content\/uploads\/2025\/11\/JORGE-LUIS-GUZMAN-DOMINGUEZ.pdf\">JORGE LUIS GUZMAN DOMINGUEZ<\/a><\/span><\/h3>\n<\/li>\n<li>\n<h3><span style=\"color: #3366ff;\"><a style=\"color: #3366ff;\" href=\"https:\/\/www.fresnillo.gob.mx\/transparencia\/wp-content\/uploads\/2025\/04\/KAREN-LARA-OCHOA.pdf\">KAREN LARA OCHOA<\/a><\/span><\/h3>\n<\/li>\n<li>\n<h3><span style=\"color: #3366ff;\"><a style=\"color: #3366ff;\" href=\"https:\/\/www.fresnillo.gob.mx\/transparencia\/wp-content\/uploads\/2025\/04\/LAURA-PATRICIA-SANDOVAL-BECERRA.pdf\">LAURA PATRICIA SANDOVAL BECERRA<\/a><\/span><\/h3>\n<\/li>\n<li>\n<h3><span style=\"color: #3366ff;\"><a style=\"color: #3366ff;\" href=\"https:\/\/www.fresnillo.gob.mx\/transparencia\/wp-content\/uploads\/2025\/04\/MARCO-ANTONIO-RIVERA-MENCHACA.pdf\">MARCO ANTONIO RIVERA MENCHACA<\/a><\/span><\/h3>\n<\/li>\n<li>\n<h3><span style=\"color: #3366ff;\"><a style=\"color: #3366ff;\" href=\"https:\/\/www.fresnillo.gob.mx\/transparencia\/wp-content\/uploads\/2025\/04\/MAYRA-JANNETTE-RODRIGUEZ-ALCALA.pdf\">MAYRA JANNETTE RODRIGUEZ ALCAL\u00c1<\/a><\/span><\/h3>\n<\/li>\n<li>\n<h3><span style=\"color: #3366ff;\"><a style=\"color: #3366ff;\" href=\"https:\/\/www.fresnillo.gob.mx\/transparencia\/wp-content\/uploads\/2025\/04\/OSVALDO-PECINAS-HERRERA.pdf\">OSVALDO PECINAS HERRERA<\/a><\/span><\/h3>\n<\/li>\n<li>\n<h3><span style=\"color: #3366ff;\"><a style=\"color: #3366ff;\" href=\"https:\/\/www.fresnillo.gob.mx\/transparencia\/wp-content\/uploads\/2025\/04\/ROBERTO-BONILLA.pdf\">ROBERTO BONILLA<\/a><\/span><\/h3>\n<\/li>\n<li>\n<h3><span style=\"color: #3366ff;\"><a style=\"color: #3366ff;\" href=\"https:\/\/www.fresnillo.gob.mx\/transparencia\/wp-content\/uploads\/2025\/04\/RODOLFO-PICHARDO-RAMIREZ.pdf\">RODOLFO PICHARDO RAMIREZ<\/a><\/span><\/h3>\n<\/li>\n<li>\n<h3><span style=\"color: #3366ff;\"><a style=\"color: #3366ff;\" href=\"https:\/\/www.fresnillo.gob.mx\/transparencia\/wp-content\/uploads\/2025\/04\/VICTOR-M-PINA.pdf\">VICTOR M PI\u00d1A<\/a><\/span><\/h3>\n<\/li>\n<li>\n<h3><span style=\"color: #3366ff;\"><a style=\"color: #3366ff;\" href=\"https:\/\/www.fresnillo.gob.mx\/transparencia\/wp-content\/uploads\/2025\/04\/YOLANDA-OLGUIN-DE-LEON.pdf\">YOLANDA OLGU\u00cdN DE LEON<\/a><\/span><\/h3>\n<\/li>\n<li>\n<h3><span style=\"color: #3366ff;\"><a href=\"https:\/\/www.fresnillo.gob.mx\/transparencia\/wp-content\/uploads\/2025\/09\/EVELIA-DIAZ-FRANCHINI.pdf\">EVELIA D\u00cdAZ FRANCHINI <\/a><\/span><\/h3>\n<\/li>\n<li>\n<h3><span style=\"color: #3366ff;\"><a href=\"https:\/\/www.fresnillo.gob.mx\/transparencia\/wp-content\/uploads\/2026\/02\/ANA-IBARRA-CARRILLO.pdf\">ANA IBARRA CARRILLO <\/a><\/span><\/h3>\n<\/li>\n<li>\n<h3><span style=\"color: #3366ff;\"><a href=\"https:\/\/www.fresnillo.gob.mx\/transparencia\/wp-content\/uploads\/2026\/02\/ARMANDO-RUIZ-MONTOYA.pdf\">ARMANDO RUIZ MONTOYA<\/a><\/span><\/h3>\n<\/li>\n<li>\n<h3><span style=\"color: #3366ff;\"><a href=\"https:\/\/www.fresnillo.gob.mx\/transparencia\/wp-content\/uploads\/2026\/02\/ARNULFO-GUIRRE-RUIZ.pdf\">ARNULFO GUIRRE RUIZ<\/a><\/span><\/h3>\n<\/li>\n<li>\n<h3><span style=\"color: #3366ff;\"><a href=\"https:\/\/www.fresnillo.gob.mx\/transparencia\/wp-content\/uploads\/2026\/02\/BERNARDO-ROBLES.pdf\">BERNARDO ROBLES<\/a><\/span><\/h3>\n<\/li>\n<li>\n<h3><span style=\"color: #3366ff;\"><a href=\"https:\/\/www.fresnillo.gob.mx\/transparencia\/wp-content\/uploads\/2026\/02\/DAVID-TRINIDAD-QUEVEDO.pdf\">DAVID TRINIDAD QUEVEDO<\/a><\/span><\/h3>\n<\/li>\n<li>\n<h3><span style=\"color: #3366ff;\"><a href=\"https:\/\/www.fresnillo.gob.mx\/transparencia\/wp-content\/uploads\/2026\/02\/EDGAR-GURROLA-SOLIS.pdf\">\u00c9DGAR GURROLA SOLIS<\/a><\/span><\/h3>\n<\/li>\n<li>\n<h3><span style=\"color: #3366ff;\"><a href=\"https:\/\/www.fresnillo.gob.mx\/transparencia\/wp-content\/uploads\/2026\/02\/EDUERDO-ARGUIRRE-REVELES.pdf\">EDUERDO ARGUIRRE REVELES<\/a><\/span><\/h3>\n<\/li>\n<li>\n<h3><span style=\"color: #3366ff;\"><a href=\"https:\/\/www.fresnillo.gob.mx\/transparencia\/wp-content\/uploads\/2026\/02\/FELIPE-CONTRERAS-SORIA.pdf\">FELIPE CONTRERAS SORIA<\/a><\/span><\/h3>\n<\/li>\n<li>\n<h3><span style=\"color: #3366ff;\"><a href=\"https:\/\/www.fresnillo.gob.mx\/transparencia\/wp-content\/uploads\/2026\/02\/GUILLERMO-CASAS-DE-LA-TORRE.pdf\">GUILLERMO CASAS DE LA TORRE<\/a><\/span><\/h3>\n<\/li>\n<li>\n<h3><span style=\"color: #3366ff;\"><a href=\"https:\/\/www.fresnillo.gob.mx\/transparencia\/wp-content\/uploads\/2026\/02\/ISMAEL-MENCHACA-BELTRAN.pdf\">ISMAEL MENCHACA BELTRAN<\/a><\/span><\/h3>\n<\/li>\n<li>\n<h3><a href=\"https:\/\/www.fresnillo.gob.mx\/transparencia\/wp-content\/uploads\/2026\/02\/ALEJANDRO-GONZALES-COSIO.pdf\">ALEJANDRO GONZALES COSIO<\/a><\/h3>\n<\/li>\n<li>\n<h3><span style=\"color: #3366ff;\"><a href=\"https:\/\/www.fresnillo.gob.mx\/transparencia\/wp-content\/uploads\/2026\/02\/LAURA-HERRERA-MARQUEZ.pdf\">LAURA HERRERA MARQUEZ <\/a><\/span><\/h3>\n<\/li>\n<li>\n<h3><span style=\"color: #3366ff;\"><a href=\"https:\/\/www.fresnillo.gob.mx\/transparencia\/wp-content\/uploads\/2026\/02\/FRANCISCO-ROCHA-CALDERA.pdf\">FRANCISCO ROCHA CALDERA<\/a><\/span><\/h3>\n<\/li>\n<\/ul>\n<\/li>\n<\/ul>\n<p>&nbsp;[\/vc_column_text][\/vc_tta_section][vc_tta_section title=\u00bbREGIDORES 2024 &#8211; 2027&#8243; tab_id=\u00bb1758298440124-22b54bf4-c31f\u00bb][vc_column_text css=\u00bb\u00bb]<\/p>\n<ul>\n<li>\n<h3><span style=\"color: #3366ff;\"><a style=\"color: #3366ff;\" href=\"https:\/\/www.fresnillo.gob.mx\/transparencia\/wp-content\/uploads\/2025\/02\/Curriculum-Amado-Trinidad-Rodriguez-1.pdf\" target=\"_blank\" rel=\"noopener\">Amado Trinidad Rodr\u00edguez<\/a><\/span><\/h3>\n<\/li>\n<li>\n<h3><span style=\"color: #3366ff;\"><a style=\"color: #3366ff;\" href=\"https:\/\/www.fresnillo.gob.mx\/transparencia\/wp-content\/uploads\/2025\/02\/Curriculum-Anaelena-Lopez-Patino-1.pdf\" target=\"_blank\" rel=\"noopener\">Anaelena Lopez Pati\u00f1o<\/a><\/span><\/h3>\n<\/li>\n<li>\n<h3><span style=\"color: #3366ff;\"><a style=\"color: #3366ff;\" href=\"https:\/\/www.fresnillo.gob.mx\/transparencia\/wp-content\/uploads\/2025\/02\/Curriculum-Baudel-Cruz-Reyes-1.pdf\" target=\"_blank\" rel=\"noopener\">Baudel Cruz Reyes<\/a><\/span><\/h3>\n<\/li>\n<li>\n<h3><span style=\"color: #3366ff;\"><a style=\"color: #3366ff;\" href=\"https:\/\/www.fresnillo.gob.mx\/transparencia\/wp-content\/uploads\/2025\/02\/Curriculum-Claudia-Imelda-Marmolejo-Martinez.pdf\" target=\"_blank\" rel=\"noopener\">Claudia Imelda Marmolejo Martinez<\/a><\/span><\/h3>\n<\/li>\n<li>\n<h3><span style=\"color: #3366ff;\"><a style=\"color: #3366ff;\" href=\"https:\/\/www.fresnillo.gob.mx\/transparencia\/wp-content\/uploads\/2025\/02\/Curriculum-Esthela-Guerrero-Sifuentes.pdf\" target=\"_blank\" rel=\"noopener\">Esthela Guerrero Sifuentes<\/a><\/span><\/h3>\n<\/li>\n<li>\n<h3><span style=\"color: #3366ff;\"><a style=\"color: #3366ff;\" href=\"https:\/\/www.fresnillo.gob.mx\/transparencia\/wp-content\/uploads\/2025\/02\/Curriculum-Griselda-Martinez-Esparza.pdf\" target=\"_blank\" rel=\"noopener\">Griselda Martinez Esparza<\/a><\/span><\/h3>\n<\/li>\n<li>\n<h3><span style=\"color: #3366ff;\"><a style=\"color: #3366ff;\" href=\"https:\/\/www.fresnillo.gob.mx\/transparencia\/wp-content\/uploads\/2025\/02\/Curriculum-Ricardo-Javier-Venecia-Carrera.pdf\" target=\"_blank\" rel=\"noopener\">Ricardo Javier Venecia Carrera<\/a><\/span><\/h3>\n<\/li>\n<li>\n<h3><span style=\"color: #3366ff;\"><a style=\"color: #3366ff;\" href=\"https:\/\/www.fresnillo.gob.mx\/transparencia\/wp-content\/uploads\/2025\/02\/Curriculum-Rogelio-Beltran-Cazares.pdf\" target=\"_blank\" rel=\"noopener\">Rogelio Beltran Cazares<\/a><\/span><\/h3>\n<\/li>\n<li>\n<h3><span style=\"color: #3366ff;\"><a style=\"color: #3366ff;\" href=\"https:\/\/www.fresnillo.gob.mx\/transparencia\/wp-content\/uploads\/2025\/02\/Curriculum-Stephania-Flores-Rodriguez.pdf\" target=\"_blank\" rel=\"noopener\">Stephania Flores Rodriguez<\/a><\/span><\/h3>\n<\/li>\n<li>\n<h3><span style=\"color: #3366ff;\"><a style=\"color: #3366ff;\" href=\"https:\/\/www.fresnillo.gob.mx\/transparencia\/wp-content\/uploads\/2025\/02\/Curriculum-Susana-Zacarias-Sanchez.pdf\" target=\"_blank\" rel=\"noopener\">Susana Zacarias Sanchez<\/a><\/span><\/h3>\n<\/li>\n<li>\n<h3><span style=\"color: #3366ff;\"><a style=\"color: #3366ff;\" href=\"https:\/\/www.fresnillo.gob.mx\/transparencia\/wp-content\/uploads\/2025\/02\/Curriculum-Omar-Rodarte-Garcia.pdf\" target=\"_blank\" rel=\"noopener\">Omar Rodarte Garcia<\/a><\/span><\/h3>\n<\/li>\n<li>\n<h3><span style=\"color: #3366ff;\"><a style=\"color: #3366ff;\" href=\"https:\/\/www.fresnillo.gob.mx\/transparencia\/wp-content\/uploads\/2025\/02\/Curriculum-Juan-A.-Alvarado-H.pdf\" target=\"_blank\" rel=\"noopener\">Juan Alberto Alvarado Hern\u00e1ndez<\/a><\/span><\/h3>\n<\/li>\n<li>\n<h3><span style=\"color: #3366ff;\"><a style=\"color: #3366ff;\" href=\"https:\/\/www.fresnillo.gob.mx\/transparencia\/wp-content\/uploads\/2025\/09\/LUIS-MUNOZ-MEDINA.pdf\" target=\"_blank\" rel=\"noopener\">Luis Alberto Mu\u00f1oz Medina<\/a><\/span><\/h3>\n<\/li>\n<li>\n<h3><span style=\"color: #3366ff;\"><a style=\"color: #3366ff;\" href=\"https:\/\/www.fresnillo.gob.mx\/transparencia\/wp-content\/uploads\/2025\/09\/NANCY-HERNANDEZ.pdf\" target=\"_blank\" rel=\"noopener\">Nancy Berenice Hern\u00e1ndez Tovar<\/a><\/span><\/h3>\n<\/li>\n<\/ul>\n<p>[\/vc_column_text][\/vc_tta_section][\/vc_tta_tabs][\/vc_column][\/vc_row][vc_row][vc_column][\/vc_column][\/vc_row]<\/p>\n<\/div>","protected":false},"excerpt":{"rendered":"<p>[vc_row][vc_column][vc_column_text css=\u00bb\u00bb] FRACCI\u00d3N XVII. La informaci\u00f3n curricular desde el nivel de jefe de departamento o equivalente hasta el titular del sujeto obligado, as\u00ed como, en su caso, las sanciones administrativas de que haya sido objeto. Fecha de Actualizaci\u00f3n 31\/Diciembre\/2025 [\/vc_column_text][vc_separator color=\u00bbblue\u00bb border_width=\u00bb10&#8243; css=\u00bb\u00bb][\/vc_column][\/vc_row][vc_row][vc_column][vc_column_text css=\u00bb\u00bb][\/vc_column_text][vc_tta_tabs style=\u00bbmodern\u00bb color=\u00bbblue\u00bb spacing=\u00bb35&#8243; alignment=\u00bbcenter\u00bb active_section=\u00bb1&#8243; no_fill_content_area=\u00bbtrue\u00bb title=\u00bbCurriculums Administraci\u00f3n 2024 &#8211; 2027&#8243;][vc_tta_section [&hellip;]<\/p>\n","protected":false},"author":1,"featured_media":0,"parent":1041,"menu_order":29,"comment_status":"closed","ping_status":"closed","template":"page-templates\/template-articulos.php","meta":{"_uag_custom_page_level_css":"","advgb_blocks_editor_width":"","advgb_blocks_columns_visual_guide":"","footnotes":""},"class_list":["post-1453","page","type-page","status-publish","hentry"],"uagb_featured_image_src":{"full":false,"thumbnail":false,"medium":false,"medium_large":false,"large":false,"1536x1536":false,"2048x2048":false},"uagb_author_info":{"display_name":"admin","author_link":"https:\/\/www.fresnillo.gob.mx\/transparencia\/author\/admin\/"},"uagb_comment_info":0,"uagb_excerpt":"[vc_row][vc_column][vc_column_text css=\u00bb\u00bb] FRACCI\u00d3N XVII. La informaci\u00f3n curricular desde el nivel de jefe de departamento o equivalente hasta el titular del sujeto obligado, as\u00ed como, en su caso, las sanciones administrativas de que haya sido objeto. Fecha de Actualizaci\u00f3n 31\/Diciembre\/2025 [\/vc_column_text][vc_separator color=\u00bbblue\u00bb border_width=\u00bb10&#8243; css=\u00bb\u00bb][\/vc_column][\/vc_row][vc_row][vc_column][vc_column_text css=\u00bb\u00bb][\/vc_column_text][vc_tta_tabs style=\u00bbmodern\u00bb color=\u00bbblue\u00bb spacing=\u00bb35&#8243; alignment=\u00bbcenter\u00bb active_section=\u00bb1&#8243; no_fill_content_area=\u00bbtrue\u00bb title=\u00bbCurriculums Administraci\u00f3n 2024 &#8211; 2027&#8243;][vc_tta_section&hellip;","coauthors":[],"author_meta":{"author_link":"https:\/\/www.fresnillo.gob.mx\/transparencia\/author\/admin\/","display_name":"admin"},"relative_dates":{"created":"Publicado 7 a\u00f1os hace","modified":"Actualizado 2 meses hace"},"absolute_dates":{"created":"Publicado el octubre 22, 2018","modified":"Actualizado el febrero 9, 2026"},"absolute_dates_time":{"created":"Publicado el octubre 22, 2018 3:52 pm","modified":"Actualizado el febrero 9, 2026 7:43 pm"},"featured_img_caption":"","featured_img":false,"series_order":"","_links":{"self":[{"href":"https:\/\/www.fresnillo.gob.mx\/transparencia\/wp-json\/wp\/v2\/pages\/1453","targetHints":{"allow":["GET"]}}],"collection":[{"href":"https:\/\/www.fresnillo.gob.mx\/transparencia\/wp-json\/wp\/v2\/pages"}],"about":[{"href":"https:\/\/www.fresnillo.gob.mx\/transparencia\/wp-json\/wp\/v2\/types\/page"}],"author":[{"embeddable":true,"href":"https:\/\/www.fresnillo.gob.mx\/transparencia\/wp-json\/wp\/v2\/users\/1"}],"replies":[{"embeddable":true,"href":"https:\/\/www.fresnillo.gob.mx\/transparencia\/wp-json\/wp\/v2\/comments?post=1453"}],"version-history":[{"count":34,"href":"https:\/\/www.fresnillo.gob.mx\/transparencia\/wp-json\/wp\/v2\/pages\/1453\/revisions"}],"predecessor-version":[{"id":79170,"href":"https:\/\/www.fresnillo.gob.mx\/transparencia\/wp-json\/wp\/v2\/pages\/1453\/revisions\/79170"}],"up":[{"embeddable":true,"href":"https:\/\/www.fresnillo.gob.mx\/transparencia\/wp-json\/wp\/v2\/pages\/1041"}],"wp:attachment":[{"href":"https:\/\/www.fresnillo.gob.mx\/transparencia\/wp-json\/wp\/v2\/media?parent=1453"}],"curies":[{"name":"wp","href":"https:\/\/api.w.org\/{rel}","templated":true}]}}