{"id":1485,"date":"2018-10-22T15:58:31","date_gmt":"2018-10-22T15:58:31","guid":{"rendered":"https:\/\/www.seguiremoshaciendohistoria.gob.mx\/transparencia\/articulo-39\/xlviii-cualquier-otra-informacion-que-sea-de-utilidad-o-se-considere-relevante\/"},"modified":"2026-01-29T17:44:47","modified_gmt":"2026-01-29T17:44:47","slug":"xlviii-cualquier-otra-informacion-que-sea-de-utilidad-o-se-considere-relevante","status":"publish","type":"page","link":"https:\/\/www.fresnillo.gob.mx\/transparencia\/transparencia\/articulo-39\/xlviii-cualquier-otra-informacion-que-sea-de-utilidad-o-se-considere-relevante\/","title":{"rendered":"XLVIII. Cualquier Otra Informacion que sea de Utilidad o se Considere Relevante"},"content":{"rendered":"<div class=\"wpb-content-wrapper\"><p>[vc_row][vc_column][vc_column_text css=\u00bb\u00bb]<\/p>\n<h1 style=\"text-align: center;\"><strong><span style=\"color: #3366ff;\">FRACCI\u00d3N XLVIII.<\/span><\/strong><\/h1>\n<h3><\/h3>\n<h1 class=\"cms-plugin cms-plugin-683\" style=\"text-align: center;\"><span style=\"color: #333399;\"><strong>Cualquier otra informaci\u00f3n que sea de utilidad o se considere relevante, adem\u00e1s de la que, con base a la informaci\u00f3n estad\u00edstica, responda a las preguntas hechas con m\u00e1s frecuencia por el\u00a0p\u00fablico.<\/strong><\/span><\/h1>\n<h2 class=\"cms-plugin cms-plugin-683\" style=\"text-align: center;\"><\/h2>\n<h2 class=\"has-text-align-right\" style=\"text-align: right;\"><span style=\"color: #333399;\"><strong>Fecha de Actualizaci\u00f3n 31\/Diciembre\/2025<\/strong><\/span><\/h2>\n<p>[\/vc_column_text][vc_separator color=\u00bbblue\u00bb border_width=\u00bb10&#8243; css=\u00bb\u00bb][\/vc_column][\/vc_row][vc_row][vc_column][vc_tta_tabs style=\u00bboutline\u00bb color=\u00bbblue\u00bb spacing=\u00bb35&#8243; alignment=\u00bbcenter\u00bb active_section=\u00bb1&#8243;][vc_tta_section title=\u00bbParticipaci\u00f3n Ciudadana Regidores 2025&#8243; tab_id=\u00bb1745517687299-c7799451-7fd3&#8243;][vc_column_text css=\u00bb\u00bb]<a href=\"https:\/\/www.fresnillo.gob.mx\/transparencia\/wp-content\/uploads\/2025\/04\/AGUA-POTABLE-SANEAMIENTO-Y-ALCANTARILLADO-1.pdf\">AGUA POTABLE, SANEAMIENTO Y ALCANTARILLADO<\/a><\/p>\n<p><a href=\"https:\/\/www.fresnillo.gob.mx\/transparencia\/wp-content\/uploads\/2025\/04\/ASUNTOS-BINACIONALES-1.pdf\">ASUNTOS BINACIONALES<\/a><\/p>\n<p><a href=\"https:\/\/www.fresnillo.gob.mx\/transparencia\/wp-content\/uploads\/2025\/04\/DEPORTES-Y-JUVENTUD-1.pdf\">DEPORTES Y JUVENTUD<\/a><\/p>\n<p><a href=\"https:\/\/www.fresnillo.gob.mx\/transparencia\/wp-content\/uploads\/2025\/04\/DESARRLLO-RURAL-SUSTENTABLE-1.pdf\">DESARRLLO RURAL SUSTENTABLE<\/a><\/p>\n<p><a href=\"https:\/\/www.fresnillo.gob.mx\/transparencia\/wp-content\/uploads\/2025\/04\/DESARROLLO-ECONOMICO-Y-FOMENTO-1.pdf\">DESARROLLO ECONOMICO Y FOMENTO<\/a><\/p>\n<p><a href=\"https:\/\/www.fresnillo.gob.mx\/transparencia\/wp-content\/uploads\/2025\/04\/DESARROLLO-SOCIAL-1.pdf\">DESARROLLO SOCIAL<\/a><\/p>\n<p><a href=\"https:\/\/www.fresnillo.gob.mx\/transparencia\/wp-content\/uploads\/2025\/04\/ECOLOGIA-Y-MEDIO-AMBIENTE-2.pdf\">ECOLOGIA Y MEDIO AMBIENTE<\/a><\/p>\n<p><a href=\"https:\/\/www.fresnillo.gob.mx\/transparencia\/wp-content\/uploads\/2025\/04\/EDUCACION-CULTURA-Y-RECREACION-1.pdf\">EDUCACION, CULTURA Y RECREACI\u00d3N.<\/a><\/p>\n<p><a href=\"https:\/\/www.fresnillo.gob.mx\/transparencia\/wp-content\/uploads\/2025\/04\/IGUALDAD-ENTRE-LOS-GENEROS-Y-DERECHOS-HUMANOS-1.pdf\">IGUALDAD ENTRE LOS GENEROS Y DERECHOS HUMANOS<\/a><\/p>\n<p><a href=\"https:\/\/www.fresnillo.gob.mx\/transparencia\/wp-content\/uploads\/2025\/04\/PLANEACION-DESARROLLO-URBANO-Y-OBRAS-PUBLICAS-1.pdf\">PLANEACION, DESARROLLO URBANO Y OBRAS PUBLICAS.<\/a><\/p>\n<p><a href=\"https:\/\/www.fresnillo.gob.mx\/transparencia\/wp-content\/uploads\/2025\/04\/SALUD-ASISTENCIA-SOCIAL-Y-ATENCION-A-GRUPOS-VULNERABLES-1.pdf\">SALUD, ASISTENCIA SOCIAL Y ATENCION A GRUPOS VULNERABLES<\/a><\/p>\n<p><a href=\"https:\/\/www.fresnillo.gob.mx\/transparencia\/wp-content\/uploads\/2025\/04\/SERVICIOS-PUBLICOS-MUNICIPALES-1.pdf\">SERVICIOS PUBLICOS MUNICIPALES<\/a><\/p>\n<p><a href=\"https:\/\/www.fresnillo.gob.mx\/transparencia\/wp-content\/uploads\/2025\/04\/TRANSITO-Y-VIALIDAD-1.pdf\">TRANSITO Y VIALIDAD<\/a><\/p>\n<p><a href=\"https:\/\/www.fresnillo.gob.mx\/transparencia\/wp-content\/uploads\/2025\/04\/TRANSPARENCIA-Y-ACCESO-A-LA-INFORMACION-PUBLICA-1.pdf\">TRANSPARENCIA Y ACCESO A LA INFORMACION PUBLICA<\/a><\/p>\n<p><a href=\"https:\/\/www.fresnillo.gob.mx\/transparencia\/wp-content\/uploads\/2025\/07\/REGLAMENTACION.pdf\">REGLAMENTACION.<\/a>[\/vc_column_text][\/vc_tta_section][\/vc_tta_tabs][\/vc_column][\/vc_row][vc_row][vc_column][\/vc_column][\/vc_row]<\/p>\n<\/div>","protected":false},"excerpt":{"rendered":"<p>[vc_row][vc_column][vc_column_text css=\u00bb\u00bb] FRACCI\u00d3N XLVIII. Cualquier otra informaci\u00f3n que sea de utilidad o se considere relevante, adem\u00e1s de la que, con base a la informaci\u00f3n estad\u00edstica, responda a las preguntas hechas con m\u00e1s frecuencia por el\u00a0p\u00fablico. Fecha de Actualizaci\u00f3n 31\/Diciembre\/2025 [\/vc_column_text][vc_separator color=\u00bbblue\u00bb border_width=\u00bb10&#8243; css=\u00bb\u00bb][\/vc_column][\/vc_row][vc_row][vc_column][vc_tta_tabs style=\u00bboutline\u00bb color=\u00bbblue\u00bb spacing=\u00bb35&#8243; alignment=\u00bbcenter\u00bb active_section=\u00bb1&#8243;][vc_tta_section title=\u00bbParticipaci\u00f3n Ciudadana Regidores 2025&#8243; tab_id=\u00bb1745517687299-c7799451-7fd3&#8243;][vc_column_text css=\u00bb\u00bb]AGUA POTABLE, [&hellip;]<\/p>\n","protected":false},"author":1,"featured_media":0,"parent":1041,"menu_order":66,"comment_status":"closed","ping_status":"closed","template":"page-templates\/template-articulos.php","meta":{"_uag_custom_page_level_css":"","advgb_blocks_editor_width":"","advgb_blocks_columns_visual_guide":"","footnotes":""},"class_list":["post-1485","page","type-page","status-publish","hentry"],"uagb_featured_image_src":{"full":false,"thumbnail":false,"medium":false,"medium_large":false,"large":false,"1536x1536":false,"2048x2048":false},"uagb_author_info":{"display_name":"admin","author_link":"https:\/\/www.fresnillo.gob.mx\/transparencia\/author\/admin\/"},"uagb_comment_info":0,"uagb_excerpt":"[vc_row][vc_column][vc_column_text css=\u00bb\u00bb] FRACCI\u00d3N XLVIII. Cualquier otra informaci\u00f3n que sea de utilidad o se considere relevante, adem\u00e1s de la que, con base a la informaci\u00f3n estad\u00edstica, responda a las preguntas hechas con m\u00e1s frecuencia por el\u00a0p\u00fablico. Fecha de Actualizaci\u00f3n 31\/Diciembre\/2025 [\/vc_column_text][vc_separator color=\u00bbblue\u00bb border_width=\u00bb10&#8243; css=\u00bb\u00bb][\/vc_column][\/vc_row][vc_row][vc_column][vc_tta_tabs style=\u00bboutline\u00bb color=\u00bbblue\u00bb spacing=\u00bb35&#8243; alignment=\u00bbcenter\u00bb active_section=\u00bb1&#8243;][vc_tta_section title=\u00bbParticipaci\u00f3n Ciudadana Regidores 2025&#8243; tab_id=\u00bb1745517687299-c7799451-7fd3&#8243;][vc_column_text css=\u00bb\u00bb]AGUA POTABLE,&hellip;","coauthors":[],"author_meta":{"author_link":"https:\/\/www.fresnillo.gob.mx\/transparencia\/author\/admin\/","display_name":"admin"},"relative_dates":{"created":"Publicado 7 a\u00f1os hace","modified":"Actualizado 3 meses hace"},"absolute_dates":{"created":"Publicado el octubre 22, 2018","modified":"Actualizado el enero 29, 2026"},"absolute_dates_time":{"created":"Publicado el octubre 22, 2018 3:58 pm","modified":"Actualizado el enero 29, 2026 5:44 pm"},"featured_img_caption":"","featured_img":false,"series_order":"","_links":{"self":[{"href":"https:\/\/www.fresnillo.gob.mx\/transparencia\/wp-json\/wp\/v2\/pages\/1485","targetHints":{"allow":["GET"]}}],"collection":[{"href":"https:\/\/www.fresnillo.gob.mx\/transparencia\/wp-json\/wp\/v2\/pages"}],"about":[{"href":"https:\/\/www.fresnillo.gob.mx\/transparencia\/wp-json\/wp\/v2\/types\/page"}],"author":[{"embeddable":true,"href":"https:\/\/www.fresnillo.gob.mx\/transparencia\/wp-json\/wp\/v2\/users\/1"}],"replies":[{"embeddable":true,"href":"https:\/\/www.fresnillo.gob.mx\/transparencia\/wp-json\/wp\/v2\/comments?post=1485"}],"version-history":[{"count":31,"href":"https:\/\/www.fresnillo.gob.mx\/transparencia\/wp-json\/wp\/v2\/pages\/1485\/revisions"}],"predecessor-version":[{"id":78813,"href":"https:\/\/www.fresnillo.gob.mx\/transparencia\/wp-json\/wp\/v2\/pages\/1485\/revisions\/78813"}],"up":[{"embeddable":true,"href":"https:\/\/www.fresnillo.gob.mx\/transparencia\/wp-json\/wp\/v2\/pages\/1041"}],"wp:attachment":[{"href":"https:\/\/www.fresnillo.gob.mx\/transparencia\/wp-json\/wp\/v2\/media?parent=1485"}],"curies":[{"name":"wp","href":"https:\/\/api.w.org\/{rel}","templated":true}]}}