{"id":9686,"date":"2018-12-13T20:48:47","date_gmt":"2018-12-13T20:48:47","guid":{"rendered":"https:\/\/www.seguiremoshaciendohistoria.gob.mx\/?page_id=9686"},"modified":"2025-02-07T20:55:56","modified_gmt":"2025-02-07T20:55:56","slug":"siapasf","status":"publish","type":"page","link":"https:\/\/www.fresnillo.gob.mx\/transparencia\/siapasf\/","title":{"rendered":"SIAPASF"},"content":{"rendered":"<div class=\"wpb-content-wrapper\"><p>[vc_row parallax_bg=\u00bbtrue\u00bb css=\u00bb.vc_custom_1727206982882{padding-top: 80px !important;padding-bottom: 60px !important;background-image: url(https:\/\/www.fresnillo.gob.mx\/wp-content\/uploads\/2024\/09\/Portada-Redes-03.png?id=68871) !important;background-position: center !important;background-repeat: no-repeat !important;background-size: cover !important;}\u00bb][vc_column width=\u00bb1\/6&#8243;][\/vc_column][vc_column width=\u00bb2\/3&#8243;][vc_column_text css=\u00bb\u00bb]<\/p>\n<h6 style=\"text-align: center;\"><span style=\"color: #ffffff;\">Bienvenido al Portal de Transparencia, del Sistema de Agua Potable, Alcantarillado y Saneamiento de Fresnillo 2024-2027; el cual habr\u00e1 de ser una efectiva herramienta de rendici\u00f3n de cuentas y comunicaci\u00f3n constante con todos, con el objetivo de transparentar el ejercicio gubernamental y atender las solicitudes de informaci\u00f3n que se generen.<\/span><\/h6>\n<p>[\/vc_column_text][\/vc_column][vc_column width=\u00bb1\/6&#8243;][\/vc_column][\/vc_row][vc_row css=\u00bb.vc_custom_1540314293786{margin-top: 50px !important;margin-bottom: 50px !important;}\u00bb][vc_column width=\u00bb1\/2&#8243;]\n\t<div class=\"wprt-icon-box grey-background  rounded icon-effect-2 width-90\">\n        <div class=\"icon-wrap font-size-50\">\n            <span class=\"dd-icon fa fa-wpforms \"><\/span>\n        <\/div>\n        <div class=\"content-wrap\">\n            <h3 class=\"dd-title font-size-18\">consultapublicamx.inai.org.mx<\/h3>\n            <p><\/p>\n<p style=\"text-align: center;\"><a class=\"wprt-button\" href=\"http:\/\/consultapublicamx.inai.org.mx:8080\/vut-web\/?idSujetoObigadoParametro=16116&idEntidadParametro=32&idSectorParametro=281\" target=\"_blank\" rel=\"noopener\">CONSULTAR<\/a><\/p>\n<p><\/p>\n        <\/div>\n    <\/div>\n\n[\/vc_column][vc_column width=\u00bb1\/2&#8243;]\n\t<div class=\"wprt-icon-box grey-background  rounded icon-effect-2 width-90\">\n        <div class=\"icon-wrap font-size-50\">\n            <span class=\"dd-icon fas fa-file-contract \"><\/span>\n        <\/div>\n        <div class=\"content-wrap\">\n            <h3 class=\"dd-title font-size-18\">Aviso de Privacidad<\/h3>\n            <p><\/p>\n<p style=\"text-align: center;\"><a class=\"wprt-button\" href=\"https:\/\/www.fresnillo.gob.mx\/transparencia\/wp-content\/uploads\/2025\/02\/AVISOS-DE-PRIVACIDAD-SIAPASF-2025.pdf\">DESCARGAR<\/a><\/p>\n<p><\/p>\n        <\/div>\n    <\/div>\n\n[\/vc_column][\/vc_row][vc_row css=\u00bb.vc_custom_1545074274529{padding-top: 80px !important;padding-bottom: 80px !important;background-color: #e5e5e5 !important;}\u00bb][vc_column]\n    <h2 class=\"text-center\" >Articulos<\/h2>\n    \t    <div class=\"wprt-lines style-2 custom-1\">\n\t        <div class=\"line-1\"><\/div>\n\t    <\/div>\n    \n        \t\n[vc_empty_space height=\u00bb42px\u00bb][\/vc_column][vc_column width=\u00bb1\/2&#8243;][vc_tta_accordion shape=\u00bbsquare\u00bb gap=\u00bb10&#8243; c_icon=\u00bb\u00bb active_section=\u00bb0&#8243; collapsible_all=\u00bbtrue\u00bb][vc_tta_section title=\u00bbArticulo 39&#8243; tab_id=\u00bb1497243016772-3e88fea2-1cce0b35-fe53&#8243;][vc_wp_custommenu nav_menu=\u00bb6&#8243;][\/vc_tta_section][vc_tta_section title=\u00bbArticulo 40&#8243; tab_id=\u00bb1497243016832-66039a67-425c0b35-fe53&#8243;][vc_wp_custommenu nav_menu=\u00bb8&#8243;][\/vc_tta_section][vc_tta_section title=\u00bbArticulo 41&#8243; tab_id=\u00bb1497243016893-c8837340-2db90b35-fe53&#8243;][vc_wp_custommenu nav_menu=\u00bb10&#8243;][\/vc_tta_section][\/vc_tta_accordion][vc_btn title=\u00bbTitulo V L.G.C.G.\u00bb color=\u00bbwhite\u00bb size=\u00bblg\u00bb align=\u00bbleft\u00bb i_icon_fontawesome=\u00bb\u00bb css=\u00bb\u00bb button_block=\u00bbtrue\u00bb add_icon=\u00bbtrue\u00bb link=\u00bburl:https%3A%2F%2Fwww.fresnillo.gob.mx%2Ftransparencia%2FSIAPASF%2Ftitulo-v%2F\u00bb][\/vc_column][vc_column width=\u00bb1\/2&#8243;][vc_hoverbox image=\u00bb69925&#8243; primary_title=\u00bb\u00bb hover_title=\u00bbSIAPASF\u00bb]LEY FEDERAL DE TRANSPARENCIA Y ACCESO A LA INFORMACI\u00d3N P\u00daBLICA[\/vc_hoverbox][\/vc_column][\/vc_row][vc_row css=\u00bb.vc_custom_1715893552218{margin-top: 55px !important;margin-bottom: 25px !important;}\u00bb][vc_column width=\u00bb1\/2&#8243;][vc_single_image image=\u00bb66564&#8243; img_size=\u00bb180X180&#8243; alignment=\u00bbcenter\u00bb onclick=\u00bbcustom_link\u00bb img_link_target=\u00bb_blank\u00bb link=\u00bbhttps:\/\/www.plataformadetransparencia.org.mx\/web\/guest\/inicio\u00bb][\/vc_column][vc_column width=\u00bb1\/2&#8243;][vc_single_image image=\u00bb66565&#8243; img_size=\u00bb180X180&#8243; alignment=\u00bbcenter\u00bb onclick=\u00bbcustom_link\u00bb img_link_target=\u00bb_blank\u00bb link=\u00bbhttps:\/\/consultapublicamx.inai.org.mx\/vut-web\/?idSujetoObigadoParametro=16116&amp;idEntidadParametro=32&amp;idSectorParametro=26&#8243;][\/vc_column][\/vc_row][vc_row parallax_bg=\u00bbtrue\u00bb css=\u00bb.vc_custom_1727207009906{padding-top: 65px !important;padding-bottom: 45px !important;background-image: url(https:\/\/www.fresnillo.gob.mx\/wp-content\/uploads\/2024\/09\/Portada-Redes-03.png?id=68871) !important;background-position: center !important;background-repeat: no-repeat !important;background-size: cover !important;}\u00bb][vc_column width=\u00bb1\/2&#8243;][vc_column_text]<\/p>\n<h6 style=\"text-align: left;\"><span style=\"color: #ffffff;\">Hablar de transparencia en la actualidad es fundamental\u00a0, ya que el acceso a la Informaci\u00f3n P\u00fablica, va m\u00e1s all\u00e1 de un derecho constitucional, sino que es un referente para la Gobernabilidad; por ello la administraci\u00f3n que encabezo, har\u00e1 uso de esta plataforma con el m\u00e1s alto y firme compromiso; invit\u00e1ndolos a ustedes a participar e interactuar con el Portal y el Ayuntamiento.<\/span><\/h6>\n<p>[\/vc_column_text][\/vc_column][vc_column width=\u00bb1\/2&#8243;][\/vc_column][\/vc_row][vc_row][vc_column][vc_separator color=\u00bbchino\u00bb style=\u00bbshadow\u00bb border_width=\u00bb2&#8243; css=\u00bb.vc_custom_1600800675224{padding-top: -20px !important;}\u00bb][\/vc_column][\/vc_row][vc_row css=\u00bb.vc_custom_1540323120494{margin-top: 65px !important;margin-bottom: 65px !important;}\u00bb][vc_column width=\u00bb1\/5&#8243;][vc_single_image image=\u00bb14897&#8243; img_size=\u00bb165X92&#8243; onclick=\u00bbcustom_link\u00bb img_link_target=\u00bb_blank\u00bb link=\u00bbhttps:\/\/www.plataformadetransparencia.org.mx\/web\/guest\/inicio\u00bb][\/vc_column][vc_column width=\u00bb1\/5&#8243;][vc_single_image image=\u00bb14896&#8243; img_size=\u00bb165X92&#8243; onclick=\u00bbcustom_link\u00bb img_link_target=\u00bb_blank\u00bb link=\u00bbhttp:\/\/izai.org.mx\/\u00bb][\/vc_column][vc_column width=\u00bb1\/5&#8243;][vc_single_image image=\u00bb14893&#8243; img_size=\u00bb165X92&#8243; onclick=\u00bbcustom_link\u00bb img_link_target=\u00bb_blank\u00bb link=\u00bbhttp:\/\/infomexzacatecas.org.mx\/Infomex\/\u00bb][\/vc_column][vc_column width=\u00bb1\/5&#8243;][vc_single_image image=\u00bb14895&#8243; img_size=\u00bb165X92&#8243; onclick=\u00bbcustom_link\u00bb img_link_target=\u00bb_blank\u00bb link=\u00bbhttp:\/\/inicio.ifai.org.mx\/SitePages\/ifai.aspx\u00bb][\/vc_column][vc_column width=\u00bb1\/5&#8243;][vc_single_image image=\u00bb14894&#8243; img_size=\u00bb165X92&#8243; onclick=\u00bbcustom_link\u00bb img_link_target=\u00bb_blank\u00bb link=\u00bbhttps:\/\/www.gob.mx\/curp\/\u00bb][\/vc_column][\/vc_row][vc_row css=\u00bb.vc_custom_1540323271466{margin-bottom: 35px !important;}\u00bb][vc_column][vc_column_text css=\u00bb.vc_custom_1540323253188{margin-bottom: 35px !important;}\u00bb]<\/p>\n<h6 style=\"text-align: center;\"><strong>LEY FEDERAL DE TRANSPARENCIA Y ACCESO A LA INFORMACI\u00d3N P\u00daBLICA GUBERNAMENTAL RECONOCE Y REGULA EL DERECHO INDIVIDUAL AL ACCESO A LA INFORMACI\u00d3N EN PODER DE LAS INSTITUCIONES Y ORGANISMOS<\/strong><\/h6>\n<p>[\/vc_column_text][\/vc_column][\/vc_row]<\/p>\n<\/div>","protected":false},"excerpt":{"rendered":"<p>[vc_row parallax_bg=\u00bbtrue\u00bb css=\u00bb.vc_custom_1727206982882{padding-top: 80px !important;padding-bottom: 60px !important;background-image: url(https:\/\/www.fresnillo.gob.mx\/wp-content\/uploads\/2024\/09\/Portada-Redes-03.png?id=68871) !important;background-position: center !important;background-repeat: no-repeat !important;background-size: cover !important;}\u00bb][vc_column width=\u00bb1\/6&#8243;][\/vc_column][vc_column width=\u00bb2\/3&#8243;][vc_column_text css=\u00bb\u00bb] Bienvenido al Portal de Transparencia, del Sistema de Agua Potable, Alcantarillado y Saneamiento de Fresnillo 2024-2027; el cual habr\u00e1 de ser una efectiva herramienta de rendici\u00f3n de cuentas y comunicaci\u00f3n constante con todos, con el objetivo de [&hellip;]<\/p>\n","protected":false},"author":1,"featured_media":0,"parent":0,"menu_order":28,"comment_status":"closed","ping_status":"closed","template":"page-templates\/template-fullwidth.php","meta":{"_uag_custom_page_level_css":"","advgb_blocks_editor_width":"","advgb_blocks_columns_visual_guide":"","footnotes":""},"class_list":["post-9686","page","type-page","status-publish","hentry"],"uagb_featured_image_src":{"full":false,"thumbnail":false,"medium":false,"medium_large":false,"large":false,"1536x1536":false,"2048x2048":false},"uagb_author_info":{"display_name":"admin","author_link":"https:\/\/www.fresnillo.gob.mx\/transparencia\/author\/admin\/"},"uagb_comment_info":0,"uagb_excerpt":"[vc_row parallax_bg=\u00bbtrue\u00bb css=\u00bb.vc_custom_1727206982882{padding-top: 80px !important;padding-bottom: 60px !important;background-image: url(https:\/\/www.fresnillo.gob.mx\/wp-content\/uploads\/2024\/09\/Portada-Redes-03.png?id=68871) !important;background-position: center !important;background-repeat: no-repeat !important;background-size: cover !important;}\u00bb][vc_column width=\u00bb1\/6&#8243;][\/vc_column][vc_column width=\u00bb2\/3&#8243;][vc_column_text css=\u00bb\u00bb] Bienvenido al Portal de Transparencia, del Sistema de Agua Potable, Alcantarillado y Saneamiento de Fresnillo 2024-2027; el cual habr\u00e1 de ser una efectiva herramienta de rendici\u00f3n de cuentas y comunicaci\u00f3n constante con todos, con el objetivo de&hellip;","coauthors":[],"author_meta":{"author_link":"https:\/\/www.fresnillo.gob.mx\/transparencia\/author\/admin\/","display_name":"admin"},"relative_dates":{"created":"Publicado 7 a\u00f1os hace","modified":"Actualizado 1 a\u00f1o hace"},"absolute_dates":{"created":"Publicado el diciembre 13, 2018","modified":"Actualizado el febrero 7, 2025"},"absolute_dates_time":{"created":"Publicado el diciembre 13, 2018 8:48 pm","modified":"Actualizado el febrero 7, 2025 8:55 pm"},"featured_img_caption":"","featured_img":false,"series_order":"","_links":{"self":[{"href":"https:\/\/www.fresnillo.gob.mx\/transparencia\/wp-json\/wp\/v2\/pages\/9686","targetHints":{"allow":["GET"]}}],"collection":[{"href":"https:\/\/www.fresnillo.gob.mx\/transparencia\/wp-json\/wp\/v2\/pages"}],"about":[{"href":"https:\/\/www.fresnillo.gob.mx\/transparencia\/wp-json\/wp\/v2\/types\/page"}],"author":[{"embeddable":true,"href":"https:\/\/www.fresnillo.gob.mx\/transparencia\/wp-json\/wp\/v2\/users\/1"}],"replies":[{"embeddable":true,"href":"https:\/\/www.fresnillo.gob.mx\/transparencia\/wp-json\/wp\/v2\/comments?post=9686"}],"version-history":[{"count":6,"href":"https:\/\/www.fresnillo.gob.mx\/transparencia\/wp-json\/wp\/v2\/pages\/9686\/revisions"}],"predecessor-version":[{"id":71393,"href":"https:\/\/www.fresnillo.gob.mx\/transparencia\/wp-json\/wp\/v2\/pages\/9686\/revisions\/71393"}],"wp:attachment":[{"href":"https:\/\/www.fresnillo.gob.mx\/transparencia\/wp-json\/wp\/v2\/media?parent=9686"}],"curies":[{"name":"wp","href":"https:\/\/api.w.org\/{rel}","templated":true}]}}