{"id":9767,"date":"2018-12-17T16:43:31","date_gmt":"2018-12-17T16:43:31","guid":{"rendered":"https:\/\/www.seguiremoshaciendohistoria.gob.mx\/?page_id=9767"},"modified":"2025-01-10T18:53:16","modified_gmt":"2025-01-10T18:53:16","slug":"iv-metas-y-objetivos-de-las-areas-de-conformidad-con-sus-programas-operativos","status":"publish","type":"page","link":"https:\/\/www.fresnillo.gob.mx\/transparencia\/siapasf\/articulo-39\/iv-metas-y-objetivos-de-las-areas-de-conformidad-con-sus-programas-operativos\/","title":{"rendered":"IV. Metas y objetivos de las Areas de Conformidad con sus Programas Operativos"},"content":{"rendered":"<div class=\"wpb-content-wrapper\"><p>[vc_row][vc_column][vc_tta_tabs style=\u00bbmodern\u00bb shape=\u00bbround\u00bb color=\u00bbblue\u00bb alignment=\u00bbcenter\u00bb active_section=\u00bb1&#8243; no_fill_content_area=\u00bbtrue\u00bb title=\u00bbPROGRAMA DE OPERACIONES ANUAL\u00bb][vc_tta_section i_icon_fontawesome=\u00bbfas fa-chart-line\u00bb add_icon=\u00bbtrue\u00bb title=\u00bb2018&#8243; tab_id=\u00bb1555513987890-13851656-2c70&#8243;][vc_column_text]<\/p>\n<ul>\n<li>2018<\/li>\n<li><span style=\"color: #3366ff;\"><strong><a style=\"color: #3366ff;\" href=\"https:\/\/www.fresnillo.gob.mx\/wp-content\/uploads\/2019\/04\/construccion.pdf\">Direcci\u00f3n de Construcci\u00f3n<\/a><\/strong><\/span><\/li>\n<li><span style=\"color: #3366ff;\"><strong><a style=\"color: #3366ff;\" href=\"https:\/\/www.fresnillo.gob.mx\/wp-content\/uploads\/2019\/04\/contraloria.pdf\">Contralor\u00eda Interna<\/a><\/strong><\/span><\/li>\n<li><span style=\"color: #3366ff;\"><strong><a style=\"color: #3366ff;\" href=\"https:\/\/www.fresnillo.gob.mx\/wp-content\/uploads\/2019\/04\/coordinacion-comunicacion-social.pdf\">Coordinaci\u00f3n Comunicaci\u00f3n Social<\/a><\/strong><\/span><\/li>\n<li><span style=\"color: #3366ff;\"><strong><a style=\"color: #3366ff;\" href=\"https:\/\/www.fresnillo.gob.mx\/wp-content\/uploads\/2019\/04\/coordinacion-de-ingenieria.pdf\">Coordinaci\u00f3n de Ingenier\u00eda<\/a><\/strong><\/span><\/li>\n<li><span style=\"color: #3366ff;\"><strong><a style=\"color: #3366ff;\" href=\"https:\/\/www.fresnillo.gob.mx\/wp-content\/uploads\/2019\/04\/direccion-administrativa.pdf\">Direcci\u00f3n Administrativa<\/a><\/strong><\/span><\/li>\n<li><span style=\"color: #3366ff;\"><strong><a style=\"color: #3366ff;\" href=\"https:\/\/www.fresnillo.gob.mx\/wp-content\/uploads\/2019\/04\/direccion-comercial.pdf\">Direcci\u00f3n Comercial<\/a><\/strong><\/span><\/li>\n<li><span style=\"color: #3366ff;\"><strong><a style=\"color: #3366ff;\" href=\"https:\/\/www.fresnillo.gob.mx\/wp-content\/uploads\/2019\/04\/direccion-general.pdf\">Direcci\u00f3n General<\/a><\/strong><\/span><\/li>\n<li><span style=\"color: #3366ff;\"><strong><a style=\"color: #3366ff;\" href=\"https:\/\/www.fresnillo.gob.mx\/wp-content\/uploads\/2019\/04\/direccion-juridica.pdf\">Direcci\u00f3n Jur\u00eddica<\/a><\/strong><\/span><\/li>\n<li><span style=\"color: #3366ff;\"><strong><a style=\"color: #3366ff;\" href=\"https:\/\/www.fresnillo.gob.mx\/wp-content\/uploads\/2019\/04\/recursos-huamanos.pdf\">Direcci\u00f3n de Recursos Humanos<\/a><\/strong><\/span><\/li>\n<li><span style=\"color: #3366ff;\"><strong><a style=\"color: #3366ff;\" href=\"https:\/\/www.fresnillo.gob.mx\/wp-content\/uploads\/2019\/04\/servicios-de-agua-potable.pdf\">Direcci\u00f3n de Servicios de Agua Potable<\/a><\/strong><\/span><\/li>\n<li><span style=\"color: #3366ff;\"><strong><a style=\"color: #3366ff;\" href=\"https:\/\/www.fresnillo.gob.mx\/wp-content\/uploads\/2019\/04\/unidad-de-transparencia.pdf\">Unidad de Transparencia<\/a><\/strong><\/span><\/li>\n<\/ul>\n<p>[\/vc_column_text][\/vc_tta_section][vc_tta_section i_icon_fontawesome=\u00bbfas fa-chart-line\u00bb add_icon=\u00bbtrue\u00bb title=\u00bb2019&#8243; tab_id=\u00bb1555514454336-a29db2f9-7118&#8243;][vc_column_text]<\/p>\n<ul>\n<li>2019<\/li>\n<li><strong><a href=\"https:\/\/www.fresnillo.gob.mx\/wp-content\/uploads\/2019\/04\/POA-2019-SIAPASF.pdf\"><span style=\"color: #3366ff;\">Programa de Operaci\u00f3n Anual del SIAPASF<\/span> <\/a><\/strong><\/li>\n<\/ul>\n<p>[\/vc_column_text][\/vc_tta_section][vc_tta_section i_icon_fontawesome=\u00bbfas fa-chart-line\u00bb add_icon=\u00bbtrue\u00bb title=\u00bb2020&#8243; tab_id=\u00bb1587049073598-38cfb652-c3d1&#8243;][vc_column_text]<\/p>\n<ul>\n<li>2020<\/li>\n<li><span style=\"color: #3366ff;\"><strong><a style=\"color: #3366ff;\" href=\"https:\/\/www.fresnillo.gob.mx\/wp-content\/uploads\/2020\/05\/POA-SIAPASF-2020-3.pdf\">POA SIAPASF 2020<\/a><\/strong><\/span><\/li>\n<\/ul>\n<p>[\/vc_column_text][\/vc_tta_section][vc_tta_section i_icon_fontawesome=\u00bbfas fa-chart-line\u00bb add_icon=\u00bbtrue\u00bb title=\u00bb2021&#8243; tab_id=\u00bb1613412340237-44f2aae9-69e2&#8243;][vc_column_text]<\/p>\n<ul>\n<li>2021<\/li>\n<li><span style=\"color: #3366ff;\"><strong><a style=\"color: #3366ff;\" href=\"https:\/\/www.fresnillo.gob.mx\/wp-content\/uploads\/2021\/04\/POA-2021-Siapasf.pdf\">POA\u00a0 SIAPASF 2021<\/a><\/strong><\/span><\/li>\n<\/ul>\n<p>[\/vc_column_text][\/vc_tta_section][vc_tta_section title=\u00bb2023&#8243; tab_id=\u00bb1646683873497-3444e7bb-4e4d\u00bb][vc_column_text]<\/p>\n<ul>\n<li>2022<\/li>\n<li><span style=\"color: #3366ff;\"><strong><a style=\"color: #3366ff;\" href=\"https:\/\/www.fresnillo.gob.mx\/wp-content\/uploads\/2022\/04\/POA-2022.pdf\">POA 2022<\/a><\/strong><\/span><\/li>\n<\/ul>\n<p>[\/vc_column_text][vc_column_text][\/vc_column_text][\/vc_tta_section][vc_tta_section title=\u00bb2023&#8243; tab_id=\u00bb1681327314265-f3f13dac-1620&#8243;][vc_column_text]<a href=\"https:\/\/www.fresnillo.gob.mx\/wp-content\/uploads\/2023\/04\/POA-2023-SIAPASF-GENERAL-OFICIAL-1.pdf\">POA 2023 SIAPASF GENERAL OFICIAL 1<\/a>[\/vc_column_text][\/vc_tta_section][\/vc_tta_tabs][\/vc_column][\/vc_row][vc_row][vc_column][vc_column_text]<\/p>\n<h1>EJERCICIO 2024<\/h1>\n<p>PRIMER TRIMESTRE 2024<\/p>\n<p><a href=\"https:\/\/www.fresnillo.gob.mx\/wp-content\/uploads\/2024\/04\/POA-SIAPASF-2024-1.pdf\">POA SIAPASF 2024<\/a>[\/vc_column_text][\/vc_column][\/vc_row]<\/p>\n<\/div>","protected":false},"excerpt":{"rendered":"<p>[vc_row][vc_column][vc_tta_tabs style=\u00bbmodern\u00bb shape=\u00bbround\u00bb color=\u00bbblue\u00bb alignment=\u00bbcenter\u00bb active_section=\u00bb1&#8243; no_fill_content_area=\u00bbtrue\u00bb title=\u00bbPROGRAMA DE OPERACIONES ANUAL\u00bb][vc_tta_section i_icon_fontawesome=\u00bbfas fa-chart-line\u00bb add_icon=\u00bbtrue\u00bb title=\u00bb2018&#8243; tab_id=\u00bb1555513987890-13851656-2c70&#8243;][vc_column_text] 2018 Direcci\u00f3n de Construcci\u00f3n Contralor\u00eda Interna Coordinaci\u00f3n Comunicaci\u00f3n Social Coordinaci\u00f3n de Ingenier\u00eda Direcci\u00f3n Administrativa Direcci\u00f3n Comercial Direcci\u00f3n General Direcci\u00f3n Jur\u00eddica Direcci\u00f3n de Recursos Humanos Direcci\u00f3n de Servicios de Agua Potable Unidad de Transparencia [\/vc_column_text][\/vc_tta_section][vc_tta_section i_icon_fontawesome=\u00bbfas fa-chart-line\u00bb add_icon=\u00bbtrue\u00bb title=\u00bb2019&#8243; tab_id=\u00bb1555514454336-a29db2f9-7118&#8243;][vc_column_text] [&hellip;]<\/p>\n","protected":false},"author":1,"featured_media":0,"parent":9759,"menu_order":14,"comment_status":"closed","ping_status":"closed","template":"page-templates\/template-articulos-siapasf.php","meta":{"_uag_custom_page_level_css":"","advgb_blocks_editor_width":"","advgb_blocks_columns_visual_guide":"","footnotes":""},"class_list":["post-9767","page","type-page","status-publish","hentry"],"uagb_featured_image_src":{"full":false,"thumbnail":false,"medium":false,"medium_large":false,"large":false,"1536x1536":false,"2048x2048":false},"uagb_author_info":{"display_name":"admin","author_link":"https:\/\/www.fresnillo.gob.mx\/transparencia\/author\/admin\/"},"uagb_comment_info":0,"uagb_excerpt":"[vc_row][vc_column][vc_tta_tabs style=\u00bbmodern\u00bb shape=\u00bbround\u00bb color=\u00bbblue\u00bb alignment=\u00bbcenter\u00bb active_section=\u00bb1&#8243; no_fill_content_area=\u00bbtrue\u00bb title=\u00bbPROGRAMA DE OPERACIONES ANUAL\u00bb][vc_tta_section i_icon_fontawesome=\u00bbfas fa-chart-line\u00bb add_icon=\u00bbtrue\u00bb title=\u00bb2018&#8243; tab_id=\u00bb1555513987890-13851656-2c70&#8243;][vc_column_text] 2018 Direcci\u00f3n de Construcci\u00f3n Contralor\u00eda Interna Coordinaci\u00f3n Comunicaci\u00f3n Social Coordinaci\u00f3n de Ingenier\u00eda Direcci\u00f3n Administrativa Direcci\u00f3n Comercial Direcci\u00f3n General Direcci\u00f3n Jur\u00eddica Direcci\u00f3n de Recursos Humanos Direcci\u00f3n de Servicios de Agua Potable Unidad de Transparencia [\/vc_column_text][\/vc_tta_section][vc_tta_section i_icon_fontawesome=\u00bbfas fa-chart-line\u00bb add_icon=\u00bbtrue\u00bb title=\u00bb2019&#8243; tab_id=\u00bb1555514454336-a29db2f9-7118&#8243;][vc_column_text]&hellip;","coauthors":[],"author_meta":{"author_link":"https:\/\/www.fresnillo.gob.mx\/transparencia\/author\/admin\/","display_name":"admin"},"relative_dates":{"created":"Publicado 7 a\u00f1os hace","modified":"Actualizado 1 a\u00f1o hace"},"absolute_dates":{"created":"Publicado el diciembre 17, 2018","modified":"Actualizado el enero 10, 2025"},"absolute_dates_time":{"created":"Publicado el diciembre 17, 2018 4:43 pm","modified":"Actualizado el enero 10, 2025 6:53 pm"},"featured_img_caption":"","featured_img":false,"series_order":"","_links":{"self":[{"href":"https:\/\/www.fresnillo.gob.mx\/transparencia\/wp-json\/wp\/v2\/pages\/9767","targetHints":{"allow":["GET"]}}],"collection":[{"href":"https:\/\/www.fresnillo.gob.mx\/transparencia\/wp-json\/wp\/v2\/pages"}],"about":[{"href":"https:\/\/www.fresnillo.gob.mx\/transparencia\/wp-json\/wp\/v2\/types\/page"}],"author":[{"embeddable":true,"href":"https:\/\/www.fresnillo.gob.mx\/transparencia\/wp-json\/wp\/v2\/users\/1"}],"replies":[{"embeddable":true,"href":"https:\/\/www.fresnillo.gob.mx\/transparencia\/wp-json\/wp\/v2\/comments?post=9767"}],"version-history":[{"count":1,"href":"https:\/\/www.fresnillo.gob.mx\/transparencia\/wp-json\/wp\/v2\/pages\/9767\/revisions"}],"predecessor-version":[{"id":70031,"href":"https:\/\/www.fresnillo.gob.mx\/transparencia\/wp-json\/wp\/v2\/pages\/9767\/revisions\/70031"}],"up":[{"embeddable":true,"href":"https:\/\/www.fresnillo.gob.mx\/transparencia\/wp-json\/wp\/v2\/pages\/9759"}],"wp:attachment":[{"href":"https:\/\/www.fresnillo.gob.mx\/transparencia\/wp-json\/wp\/v2\/media?parent=9767"}],"curies":[{"name":"wp","href":"https:\/\/api.w.org\/{rel}","templated":true}]}}